CRAN Package Check Results for Package VIM

Last updated on 2020-12-04 00:48:37 CET.

Flavor Version Tinstall Tcheck Ttotal Status Flags
r-devel-linux-x86_64-debian-clang 6.0.0 39.66 186.48 226.14 OK
r-devel-linux-x86_64-debian-gcc 6.0.0 29.30 141.53 170.83 OK
r-devel-linux-x86_64-fedora-clang 6.0.0 277.38 NOTE
r-devel-linux-x86_64-fedora-gcc 6.0.0 268.89 NOTE
r-devel-windows-ix86+x86_64 6.0.0 86.00 322.00 408.00 OK
r-patched-linux-x86_64 6.0.0 37.99 172.71 210.70 OK
r-patched-solaris-x86 6.0.0 354.80 NOTE
r-release-linux-x86_64 6.0.0 33.85 171.52 205.37 OK
r-release-macos-x86_64 6.0.0 NOTE
r-release-windows-ix86+x86_64 6.0.0 63.00 246.00 309.00 OK
r-oldrel-macos-x86_64 6.0.0 ERROR
r-oldrel-windows-ix86+x86_64 6.0.0 66.00 303.00 369.00 ERROR

Check Details

Version: 6.0.0
Check: dependencies in R code
Result: NOTE
    Namespace in Imports field not imported from: ‘magrittr’
     All declared Imports should be used.
Flavors: r-devel-linux-x86_64-fedora-clang, r-devel-linux-x86_64-fedora-gcc, r-patched-solaris-x86, r-release-macos-x86_64, r-oldrel-macos-x86_64

Version: 6.0.0
Check: Rd cross-references
Result: NOTE
    Undeclared packages ‘mvoutlier’, ‘mi’ in Rd xrefs
Flavor: r-devel-linux-x86_64-fedora-clang

Version: 6.0.0
Check: data for non-ASCII characters
Result: NOTE
     Note: found 2754 marked UTF-8 strings
Flavors: r-devel-linux-x86_64-fedora-clang, r-devel-linux-x86_64-fedora-gcc, r-patched-solaris-x86, r-release-macos-x86_64, r-oldrel-macos-x86_64

Version: 6.0.0
Check: tests
Result: ERROR
     Running ‘testthat.R’ [18s/17s]
    Running the tests in ‘tests/testthat.R’ failed.
    Last 13 lines of output:
     Time difference of 0.01398516 secs
     Time difference of 0.02073097 secs
     Time difference of 0.02123117 secs
     No missings in x.
     ══ testthat results ═══════════════════════════════════════════════════════════
     FAILURE (test_IRMI_ordered.R:10:3): irmi base
     FAILURE (test_IRMI_ordered.R:15:3): irmi step
     FAILURE (test_IRMI_ordered.R:20:3): irmi step noise
     FAILURE (test_IRMI_ordered.R:25:3): irmi robust
     FAILURE (test_IRMI_ordered.R:34:3): irmi robust noise
     FAILURE (test_IRMI_ordered.R:39:3): irmi robust noise with no imp_var
    
     [ FAIL 6 | WARN 0 | SKIP 0 | PASS 135 ]
     Error: Test failures
     Execution halted
Flavor: r-oldrel-macos-x86_64

Version: 6.0.0
Check: running tests for arch ‘i386’
Result: ERROR
     Running 'testthat.R' [24s]
    Running the tests in 'tests/testthat.R' failed.
    Complete output:
     > library(testthat)
     > library(VIM)
     Loading required package: colorspace
     Loading required package: grid
     VIM is ready to use.
    
     Suggestions and bug-reports can be submitted at: https://github.com/statistikat/VIM/issues
    
     Attaching package: 'VIM'
    
     The following object is masked from 'package:datasets':
    
     sleep
    
     > test_check("VIM")
     -- FAILURE (test_IRMI_ordered.R:10:3): irmi base -------------------------------
     `ir <- irmi(test_df, mixed = "m", count = "co")` did not produce any warnings.
    
     Start: AIC=1395.68
     y ~ v1 + v2 + m + b + c + co
    
     Df Deviance AIC
     - m 1 1375.8 1393.8
     - v2 1 1375.8 1393.8
     - co 1 1375.8 1393.8
     - b 1 1376.2 1394.2
     - v1 1 1376.5 1394.5
     - c 4 1383.4 1395.4
     <none> 1375.7 1395.7
    
     Step: AIC=1393.76
     y ~ v1 + v2 + b + c + co
    
     Df Deviance AIC
     - v2 1 1375.8 1391.8
     - co 1 1375.9 1391.9
     - b 1 1376.3 1392.3
     - v1 1 1376.5 1392.5
     - c 4 1383.6 1393.6
     <none> 1375.8 1393.8
    
     Step: AIC=1391.84
     y ~ v1 + b + c + co
    
     Df Deviance AIC
     - co 1 1376.0 1390.0
     - b 1 1376.4 1390.4
     - v1 1 1376.6 1390.6
     - c 4 1383.7 1391.7
     <none> 1375.8 1391.8
    
     Step: AIC=1390.03
     y ~ v1 + b + c
    
     Df Deviance AIC
     - b 1 1376.6 1388.6
     - v1 1 1376.8 1388.8
     - c 4 1383.8 1389.8
     <none> 1376.0 1390.0
    
     Step: AIC=1388.58
     y ~ v1 + c
    
     Df Deviance AIC
     - v1 1 1377.4 1387.4
     - c 4 1384.1 1388.1
     <none> 1376.6 1388.6
    
     Step: AIC=1387.38
     y ~ c
    
     Df Deviance AIC
     - c 4 1384.8 1386.8
     <none> 1377.4 1387.4
    
     Step: AIC=1386.85
     y ~ 1
    
     Start: AIC=1277.96
     y ~ v1 + v2 + m + b + c + co
    
     Df Deviance AIC
     - c 4 1260.0 1272.0
     - v2 1 1258.0 1276.0
     - co 1 1258.2 1276.2
     - m 1 1258.3 1276.3
     - b 1 1258.3 1276.3
     <none> 1258.0 1278.0
     - v1 1 1261.1 1279.1
    
     Step: AIC=1271.97
     y ~ v1 + v2 + m + b + co
    
     Df Deviance AIC
     - v2 1 1260.0 1270.0
     - b 1 1260.2 1270.2
     - co 1 1260.2 1270.2
     - m 1 1260.3 1270.3
     <none> 1260.0 1272.0
     - v1 1 1263.1 1273.1
    
     Step: AIC=1270.01
     y ~ v1 + m + b + co
    
     Df Deviance AIC
     - b 1 1260.2 1268.2
     - co 1 1260.3 1268.3
     - m 1 1260.3 1268.3
     <none> 1260.0 1270.0
     - v1 1 1263.2 1271.2
    
     Step: AIC=1268.2
     y ~ v1 + m + co
    
     Df Deviance AIC
     - co 1 1260.5 1266.5
     - m 1 1260.5 1266.5
     <none> 1260.2 1268.2
     - v1 1 1263.4 1269.4
    
     Step: AIC=1266.47
     y ~ v1 + m
    
     Df Deviance AIC
     - m 1 1260.8 1264.8
     <none> 1260.5 1266.5
     - v1 1 1263.7 1267.7
    
     Step: AIC=1264.82
     y ~ v1
    
     Df Deviance AIC
     <none> 1260.8 1264.8
     - v1 1 1264.1 1266.1
     Start: AIC=1277.96
     y ~ v1 + v2 + m + b + c + co
    
     Df Deviance AIC
     - c 4 1260.0 1272.0
     - v2 1 1258.0 1276.0
     - co 1 1258.2 1276.2
     - m 1 1258.3 1276.3
     - b 1 1258.3 1276.3
     <none> 1258.0 1278.0
     - v1 1 1261.1 1279.1
    
     Step: AIC=1271.97
     y ~ v1 + v2 + m + b + co
    
     Df Deviance AIC
     - v2 1 1260.0 1270.0
     - b 1 1260.2 1270.2
     - co 1 1260.2 1270.2
     - m 1 1260.3 1270.3
     <none> 1260.0 1272.0
     - v1 1 1263.1 1273.1
    
     Step: AIC=1270.01
     y ~ v1 + m + b + co
    
     Df Deviance AIC
     - b 1 1260.2 1268.2
     - co 1 1260.3 1268.3
     - m 1 1260.3 1268.3
     <none> 1260.0 1270.0
     - v1 1 1263.2 1271.2
    
     Step: AIC=1268.2
     y ~ v1 + m + co
    
     Df Deviance AIC
     - co 1 1260.5 1266.5
     - m 1 1260.5 1266.5
     <none> 1260.2 1268.2
     - v1 1 1263.4 1269.4
    
     Step: AIC=1266.47
     y ~ v1 + m
    
     Df Deviance AIC
     - m 1 1260.8 1264.8
     <none> 1260.5 1266.5
     - v1 1 1263.7 1267.7
    
     Step: AIC=1264.82
     y ~ v1
    
     Df Deviance AIC
     <none> 1260.8 1264.8
     - v1 1 1264.1 1266.1
     -- FAILURE (test_IRMI_ordered.R:15:3): irmi step -------------------------------
     `ir <- irmi(test_df, mixed = "m", count = "co", step = TRUE)` did not produce any warnings.
    
     Start: AIC=1395.68
     y ~ v1 + v2 + m + b + c + co
    
     Df Deviance AIC
     - m 1 1375.8 1393.8
     - v2 1 1375.8 1393.8
     - co 1 1375.8 1393.8
     - b 1 1376.2 1394.2
     - v1 1 1376.5 1394.5
     - c 4 1383.4 1395.4
     <none> 1375.7 1395.7
    
     Step: AIC=1393.76
     y ~ v1 + v2 + b + c + co
    
     Df Deviance AIC
     - v2 1 1375.8 1391.8
     - co 1 1375.9 1391.9
     - b 1 1376.3 1392.3
     - v1 1 1376.5 1392.5
     - c 4 1383.6 1393.6
     <none> 1375.8 1393.8
    
     Step: AIC=1391.84
     y ~ v1 + b + c + co
    
     Df Deviance AIC
     - co 1 1376.0 1390.0
     - b 1 1376.4 1390.4
     - v1 1 1376.6 1390.6
     - c 4 1383.7 1391.7
     <none> 1375.8 1391.8
    
     Step: AIC=1390.03
     y ~ v1 + b + c
    
     Df Deviance AIC
     - b 1 1376.6 1388.6
     - v1 1 1376.8 1388.8
     - c 4 1383.8 1389.8
     <none> 1376.0 1390.0
    
     Step: AIC=1388.58
     y ~ v1 + c
    
     Df Deviance AIC
     - v1 1 1377.4 1387.4
     - c 4 1384.1 1388.1
     <none> 1376.6 1388.6
    
     Step: AIC=1387.38
     y ~ c
    
     Df Deviance AIC
     - c 4 1384.8 1386.8
     <none> 1377.4 1387.4
    
     Step: AIC=1386.85
     y ~ 1
    
     Start: AIC=1277.96
     y ~ v1 + v2 + m + b + c + co
    
     Df Deviance AIC
     - c 4 1260.0 1272.0
     - v2 1 1258.0 1276.0
     - co 1 1258.2 1276.2
     - m 1 1258.3 1276.3
     - b 1 1258.3 1276.3
     <none> 1258.0 1278.0
     - v1 1 1261.1 1279.1
    
     Step: AIC=1271.97
     y ~ v1 + v2 + m + b + co
    
     Df Deviance AIC
     - v2 1 1260.0 1270.0
     - b 1 1260.2 1270.2
     - co 1 1260.2 1270.2
     - m 1 1260.3 1270.3
     <none> 1260.0 1272.0
     - v1 1 1263.1 1273.1
    
     Step: AIC=1270.01
     y ~ v1 + m + b + co
    
     Df Deviance AIC
     - b 1 1260.2 1268.2
     - co 1 1260.3 1268.3
     - m 1 1260.3 1268.3
     <none> 1260.0 1270.0
     - v1 1 1263.2 1271.2
    
     Step: AIC=1268.2
     y ~ v1 + m + co
    
     Df Deviance AIC
     - co 1 1260.5 1266.5
     - m 1 1260.5 1266.5
     <none> 1260.2 1268.2
     - v1 1 1263.4 1269.4
    
     Step: AIC=1266.47
     y ~ v1 + m
    
     Df Deviance AIC
     - m 1 1260.8 1264.8
     <none> 1260.5 1266.5
     - v1 1 1263.7 1267.7
    
     Step: AIC=1264.82
     y ~ v1
    
     Df Deviance AIC
     <none> 1260.8 1264.8
     - v1 1 1264.1 1266.1
     Start: AIC=1277.96
     y ~ v1 + v2 + m + b + c + co
    
     Df Deviance AIC
     - c 4 1260.0 1272.0
     - v2 1 1258.0 1276.0
     - co 1 1258.2 1276.2
     - m 1 1258.3 1276.3
     - b 1 1258.3 1276.3
     <none> 1258.0 1278.0
     - v1 1 1261.1 1279.1
    
     Step: AIC=1271.97
     y ~ v1 + v2 + m + b + co
    
     Df Deviance AIC
     - v2 1 1260.0 1270.0
     - b 1 1260.2 1270.2
     - co 1 1260.2 1270.2
     - m 1 1260.3 1270.3
     <none> 1260.0 1272.0
     - v1 1 1263.1 1273.1
    
     Step: AIC=1270.01
     y ~ v1 + m + b + co
    
     Df Deviance AIC
     - b 1 1260.2 1268.2
     - co 1 1260.3 1268.3
     - m 1 1260.3 1268.3
     <none> 1260.0 1270.0
     - v1 1 1263.2 1271.2
    
     Step: AIC=1268.2
     y ~ v1 + m + co
    
     Df Deviance AIC
     - co 1 1260.5 1266.5
     - m 1 1260.5 1266.5
     <none> 1260.2 1268.2
     - v1 1 1263.4 1269.4
    
     Step: AIC=1266.47
     y ~ v1 + m
    
     Df Deviance AIC
     - m 1 1260.8 1264.8
     <none> 1260.5 1266.5
     - v1 1 1263.7 1267.7
    
     Step: AIC=1264.82
     y ~ v1
    
     Df Deviance AIC
     <none> 1260.8 1264.8
     - v1 1 1264.1 1266.1
     -- FAILURE (test_IRMI_ordered.R:20:3): irmi step noise -------------------------
     `ir <- irmi(test_df, mixed = "m", count = "co", step = TRUE, noise = TRUE)` did not produce any warnings.
    
     -- FAILURE (test_IRMI_ordered.R:25:3): irmi robust -----------------------------
     `ir <- irmi(test_df, robust = TRUE, mixed = "m", count = "co")` did not produce any warnings.
    
     -- FAILURE (test_IRMI_ordered.R:34:3): irmi robust noise -----------------------
     `... <- NULL` did not produce any warnings.
    
     -- FAILURE (test_IRMI_ordered.R:39:3): irmi robust noise with no imp_var -------
     `... <- NULL` did not produce any warnings.
    
    
     Missings in variables:
     Variable Count
     NonD 14
     Dream 12
     Sleep 4
     Span 4
     Gest 4
    
     Imputed missings in variables:
     Variable Count
     NonD 14
     Dream 12
     Sleep 4
     Span 4
     Gest 4
     Time difference of 0.01999998 secs
     Time difference of 0.01999998 secs
     Time difference of 0.0309999 secs
     Time difference of 0.0309999 secs
     No missings in x.
     == testthat results ===========================================================
     FAILURE (test_IRMI_ordered.R:10:3): irmi base
     FAILURE (test_IRMI_ordered.R:15:3): irmi step
     FAILURE (test_IRMI_ordered.R:20:3): irmi step noise
     FAILURE (test_IRMI_ordered.R:25:3): irmi robust
     FAILURE (test_IRMI_ordered.R:34:3): irmi robust noise
     FAILURE (test_IRMI_ordered.R:39:3): irmi robust noise with no imp_var
    
     [ FAIL 6 | WARN 0 | SKIP 0 | PASS 135 ]
     Error: Test failures
     Execution halted
Flavor: r-oldrel-windows-ix86+x86_64

Version: 6.0.0
Check: running tests for arch ‘x64’
Result: ERROR
     Running 'testthat.R' [26s]
    Running the tests in 'tests/testthat.R' failed.
    Complete output:
     > library(testthat)
     > library(VIM)
     Loading required package: colorspace
     Loading required package: grid
     VIM is ready to use.
    
     Suggestions and bug-reports can be submitted at: https://github.com/statistikat/VIM/issues
    
     Attaching package: 'VIM'
    
     The following object is masked from 'package:datasets':
    
     sleep
    
     > test_check("VIM")
     -- FAILURE (test_IRMI_ordered.R:10:3): irmi base -------------------------------
     `ir <- irmi(test_df, mixed = "m", count = "co")` did not produce any warnings.
    
     Start: AIC=1381.4
     y ~ v1 + v2 + m + b + c + co
    
     Df Deviance AIC
     - b 1 1361.4 1379.4
     - v1 1 1361.5 1379.5
     - co 1 1361.7 1379.7
     - m 1 1362.8 1380.8
     - v2 1 1362.9 1380.9
     <none> 1361.4 1381.4
     - c 4 1377.6 1389.6
    
     Step: AIC=1379.44
     y ~ v1 + v2 + m + c + co
    
     Df Deviance AIC
     - v1 1 1361.5 1377.5
     - co 1 1361.8 1377.8
     - m 1 1362.9 1378.9
     - v2 1 1362.9 1378.9
     <none> 1361.4 1379.4
     - c 4 1377.7 1387.7
    
     Step: AIC=1377.55
     y ~ v2 + m + c + co
    
     Df Deviance AIC
     - co 1 1361.9 1375.9
     - v2 1 1363.0 1377.0
     - m 1 1363.1 1377.1
     <none> 1361.5 1377.5
     - c 4 1377.7 1385.7
    
     Step: AIC=1375.87
     y ~ v2 + m + c
    
     Df Deviance AIC
     - v2 1 1363.3 1375.3
     - m 1 1363.4 1375.4
     <none> 1361.9 1375.9
     - c 4 1378.2 1384.2
    
     Step: AIC=1375.31
     y ~ m + c
    
     Df Deviance AIC
     - m 1 1364.9 1374.9
     <none> 1363.3 1375.3
     - c 4 1380.3 1384.3
    
     Step: AIC=1374.86
     y ~ c
    
     Df Deviance AIC
     <none> 1364.9 1374.9
     - c 4 1381.7 1383.7
     Start: AIC=1253.91
     y ~ v1 + v2 + m + b + c + co
    
     Df Deviance AIC
     - b 1 1233.9 1251.9
     - v1 1 1234.2 1252.2
     - co 1 1234.7 1252.7
     - m 1 1234.8 1252.8
     <none> 1233.9 1253.9
     - v2 1 1236.0 1254.0
     - c 4 1377.1 1389.1
    
     Step: AIC=1251.92
     y ~ v1 + v2 + m + c + co
    
     Df Deviance AIC
     - v1 1 1234.2 1250.2
     - co 1 1234.8 1250.8
     - m 1 1234.8 1250.8
     <none> 1233.9 1251.9
     - v2 1 1236.0 1252.0
     - c 4 1377.3 1387.3
    
     Step: AIC=1250.19
     y ~ v2 + m + c + co
    
     Df Deviance AIC
     - m 1 1235.0 1249.0
     - co 1 1235.0 1249.0
     <none> 1234.2 1250.2
     - v2 1 1236.3 1250.3
     - c 4 1379.0 1387.0
    
     Step: AIC=1248.98
     y ~ v2 + c + co
    
     Df Deviance AIC
     - co 1 1235.8 1247.8
     <none> 1235.0 1249.0
     - v2 1 1237.1 1249.1
     - c 4 1379.3 1385.3
    
     Step: AIC=1247.82
     y ~ v2 + c
    
     Df Deviance AIC
     <none> 1235.8 1247.8
     - v2 1 1238.0 1248.0
     - c 4 1381.4 1385.4
     Start: AIC=1253.91
     y ~ v1 + v2 + m + b + c + co
    
     Df Deviance AIC
     - b 1 1233.9 1251.9
     - v1 1 1234.2 1252.2
     - co 1 1234.7 1252.7
     - m 1 1234.8 1252.8
     <none> 1233.9 1253.9
     - v2 1 1236.0 1254.0
     - c 4 1377.1 1389.1
    
     Step: AIC=1251.92
     y ~ v1 + v2 + m + c + co
    
     Df Deviance AIC
     - v1 1 1234.2 1250.2
     - co 1 1234.8 1250.8
     - m 1 1234.8 1250.8
     <none> 1233.9 1251.9
     - v2 1 1236.0 1252.0
     - c 4 1377.3 1387.3
    
     Step: AIC=1250.19
     y ~ v2 + m + c + co
    
     Df Deviance AIC
     - m 1 1235.0 1249.0
     - co 1 1235.0 1249.0
     <none> 1234.2 1250.2
     - v2 1 1236.3 1250.3
     - c 4 1379.0 1387.0
    
     Step: AIC=1248.98
     y ~ v2 + c + co
    
     Df Deviance AIC
     - co 1 1235.8 1247.8
     <none> 1235.0 1249.0
     - v2 1 1237.1 1249.1
     - c 4 1379.3 1385.3
    
     Step: AIC=1247.82
     y ~ v2 + c
    
     Df Deviance AIC
     <none> 1235.8 1247.8
     - v2 1 1238.0 1248.0
     - c 4 1381.4 1385.4
     -- FAILURE (test_IRMI_ordered.R:15:3): irmi step -------------------------------
     `ir <- irmi(test_df, mixed = "m", count = "co", step = TRUE)` did not produce any warnings.
    
     Start: AIC=1381.4
     y ~ v1 + v2 + m + b + c + co
    
     Df Deviance AIC
     - b 1 1361.4 1379.4
     - v1 1 1361.5 1379.5
     - co 1 1361.7 1379.7
     - m 1 1362.8 1380.8
     - v2 1 1362.9 1380.9
     <none> 1361.4 1381.4
     - c 4 1377.6 1389.6
    
     Step: AIC=1379.44
     y ~ v1 + v2 + m + c + co
    
     Df Deviance AIC
     - v1 1 1361.5 1377.5
     - co 1 1361.8 1377.8
     - m 1 1362.9 1378.9
     - v2 1 1362.9 1378.9
     <none> 1361.4 1379.4
     - c 4 1377.7 1387.7
    
     Step: AIC=1377.55
     y ~ v2 + m + c + co
    
     Df Deviance AIC
     - co 1 1361.9 1375.9
     - v2 1 1363.0 1377.0
     - m 1 1363.1 1377.1
     <none> 1361.5 1377.5
     - c 4 1377.7 1385.7
    
     Step: AIC=1375.87
     y ~ v2 + m + c
    
     Df Deviance AIC
     - v2 1 1363.3 1375.3
     - m 1 1363.4 1375.4
     <none> 1361.9 1375.9
     - c 4 1378.2 1384.2
    
     Step: AIC=1375.31
     y ~ m + c
    
     Df Deviance AIC
     - m 1 1364.9 1374.9
     <none> 1363.3 1375.3
     - c 4 1380.3 1384.3
    
     Step: AIC=1374.86
     y ~ c
    
     Df Deviance AIC
     <none> 1364.9 1374.9
     - c 4 1381.7 1383.7
     Start: AIC=1253.91
     y ~ v1 + v2 + m + b + c + co
    
     Df Deviance AIC
     - b 1 1233.9 1251.9
     - v1 1 1234.2 1252.2
     - co 1 1234.7 1252.7
     - m 1 1234.8 1252.8
     <none> 1233.9 1253.9
     - v2 1 1236.0 1254.0
     - c 4 1377.1 1389.1
    
     Step: AIC=1251.92
     y ~ v1 + v2 + m + c + co
    
     Df Deviance AIC
     - v1 1 1234.2 1250.2
     - co 1 1234.8 1250.8
     - m 1 1234.8 1250.8
     <none> 1233.9 1251.9
     - v2 1 1236.0 1252.0
     - c 4 1377.3 1387.3
    
     Step: AIC=1250.19
     y ~ v2 + m + c + co
    
     Df Deviance AIC
     - m 1 1235.0 1249.0
     - co 1 1235.0 1249.0
     <none> 1234.2 1250.2
     - v2 1 1236.3 1250.3
     - c 4 1379.0 1387.0
    
     Step: AIC=1248.98
     y ~ v2 + c + co
    
     Df Deviance AIC
     - co 1 1235.8 1247.8
     <none> 1235.0 1249.0
     - v2 1 1237.1 1249.1
     - c 4 1379.3 1385.3
    
     Step: AIC=1247.82
     y ~ v2 + c
    
     Df Deviance AIC
     <none> 1235.8 1247.8
     - v2 1 1238.0 1248.0
     - c 4 1381.4 1385.4
     Start: AIC=1253.91
     y ~ v1 + v2 + m + b + c + co
    
     Df Deviance AIC
     - b 1 1233.9 1251.9
     - v1 1 1234.2 1252.2
     - co 1 1234.7 1252.7
     - m 1 1234.8 1252.8
     <none> 1233.9 1253.9
     - v2 1 1236.0 1254.0
     - c 4 1377.1 1389.1
    
     Step: AIC=1251.92
     y ~ v1 + v2 + m + c + co
    
     Df Deviance AIC
     - v1 1 1234.2 1250.2
     - co 1 1234.8 1250.8
     - m 1 1234.8 1250.8
     <none> 1233.9 1251.9
     - v2 1 1236.0 1252.0
     - c 4 1377.3 1387.3
    
     Step: AIC=1250.19
     y ~ v2 + m + c + co
    
     Df Deviance AIC
     - m 1 1235.0 1249.0
     - co 1 1235.0 1249.0
     <none> 1234.2 1250.2
     - v2 1 1236.3 1250.3
     - c 4 1379.0 1387.0
    
     Step: AIC=1248.98
     y ~ v2 + c + co
    
     Df Deviance AIC
     - co 1 1235.8 1247.8
     <none> 1235.0 1249.0
     - v2 1 1237.1 1249.1
     - c 4 1379.3 1385.3
    
     Step: AIC=1247.82
     y ~ v2 + c
    
     Df Deviance AIC
     <none> 1235.8 1247.8
     - v2 1 1238.0 1248.0
     - c 4 1381.4 1385.4
     -- FAILURE (test_IRMI_ordered.R:20:3): irmi step noise -------------------------
     `ir <- irmi(test_df, mixed = "m", count = "co", step = TRUE, noise = TRUE)` did not produce any warnings.
    
     -- FAILURE (test_IRMI_ordered.R:25:3): irmi robust -----------------------------
     `ir <- irmi(test_df, robust = TRUE, mixed = "m", count = "co")` did not produce any warnings.
    
     -- FAILURE (test_IRMI_ordered.R:34:3): irmi robust noise -----------------------
     `... <- NULL` did not produce any warnings.
    
     -- FAILURE (test_IRMI_ordered.R:39:3): irmi robust noise with no imp_var -------
     `... <- NULL` did not produce any warnings.
    
    
     Missings in variables:
     Variable Count
     NonD 14
     Dream 12
     Sleep 4
     Span 4
     Gest 4
    
     Imputed missings in variables:
     Variable Count
     NonD 14
     Dream 12
     Sleep 4
     Span 4
     Gest 4
     Time difference of 0.02200007 secs
     Time difference of 0.02200007 secs
     Time difference of 0.03699994 secs
     Time difference of 0.03699994 secs
     No missings in x.
     == testthat results ===========================================================
     FAILURE (test_IRMI_ordered.R:10:3): irmi base
     FAILURE (test_IRMI_ordered.R:15:3): irmi step
     FAILURE (test_IRMI_ordered.R:20:3): irmi step noise
     FAILURE (test_IRMI_ordered.R:25:3): irmi robust
     FAILURE (test_IRMI_ordered.R:34:3): irmi robust noise
     FAILURE (test_IRMI_ordered.R:39:3): irmi robust noise with no imp_var
    
     [ FAIL 6 | WARN 0 | SKIP 0 | PASS 135 ]
     Error: Test failures
     Execution halted
Flavor: r-oldrel-windows-ix86+x86_64