Last updated on 2020-12-04 00:48:37 CET.
Flavor | Version | Tinstall | Tcheck | Ttotal | Status | Flags |
---|---|---|---|---|---|---|
r-devel-linux-x86_64-debian-clang | 1.4.0 | 9.12 | 112.44 | 121.56 | OK | |
r-devel-linux-x86_64-debian-gcc | 1.4.0 | 6.94 | 83.38 | 90.32 | OK | |
r-devel-linux-x86_64-fedora-clang | 1.4.0 | 143.54 | NOTE | |||
r-devel-linux-x86_64-fedora-gcc | 1.4.0 | 149.00 | OK | |||
r-devel-windows-ix86+x86_64 | 1.4.0 | 17.00 | 131.00 | 148.00 | NOTE | |
r-patched-linux-x86_64 | 1.4.0 | 7.53 | 103.68 | 111.21 | OK | |
r-patched-solaris-x86 | 1.4.0 | 178.70 | NOTE | |||
r-release-linux-x86_64 | 1.4.0 | 6.93 | 102.70 | 109.63 | OK | |
r-release-macos-x86_64 | 1.4.0 | NOTE | ||||
r-release-windows-ix86+x86_64 | 1.4.0 | 14.00 | 104.00 | 118.00 | NOTE | |
r-oldrel-macos-x86_64 | 1.4.0 | NOTE | ||||
r-oldrel-windows-ix86+x86_64 | 1.4.0 | 15.00 | 134.00 | 149.00 | NOTE |
Version: 1.4.0
Check: installed package size
Result: NOTE
installed size is 8.1Mb
sub-directories of 1Mb or more:
doc 7.6Mb
Flavors: r-devel-linux-x86_64-fedora-clang, r-devel-windows-ix86+x86_64, r-patched-solaris-x86, r-release-macos-x86_64, r-release-windows-ix86+x86_64, r-oldrel-macos-x86_64, r-oldrel-windows-ix86+x86_64