CRAN Package Check Results for Package UncDecomp

Last updated on 2020-12-04 00:48:37 CET.

Flavor Version Tinstall Tcheck Ttotal Status Flags
r-devel-linux-x86_64-debian-clang 1.0.1 5.24 43.90 49.14 OK
r-devel-linux-x86_64-debian-gcc 1.0.1 4.30 34.63 38.93 OK
r-devel-linux-x86_64-fedora-clang 1.0.1 67.92 NOTE
r-devel-linux-x86_64-fedora-gcc 1.0.1 56.62 NOTE
r-devel-windows-ix86+x86_64 1.0.1 15.00 60.00 75.00 OK
r-patched-linux-x86_64 1.0.1 6.58 42.48 49.06 OK
r-patched-solaris-x86 1.0.1 80.10 NOTE
r-release-linux-x86_64 1.0.1 6.06 41.72 47.78 OK
r-release-macos-x86_64 1.0.1 NOTE
r-release-windows-ix86+x86_64 1.0.1 10.00 46.00 56.00 OK
r-oldrel-macos-x86_64 1.0.1 NOTE
r-oldrel-windows-ix86+x86_64 1.0.1 8.00 59.00 67.00 OK

Check Details

Version: 1.0.1
Check: dependencies in R code
Result: NOTE
    Namespace in Imports field not imported from: ‘dplyr’
     All declared Imports should be used.
Flavors: r-devel-linux-x86_64-fedora-clang, r-devel-linux-x86_64-fedora-gcc, r-patched-solaris-x86, r-release-macos-x86_64, r-oldrel-macos-x86_64