Last updated on 2020-12-04 00:48:37 CET.
Flavor | Version | Tinstall | Tcheck | Ttotal | Status | Flags |
---|---|---|---|---|---|---|
r-devel-linux-x86_64-debian-clang | 3.3 | 66.30 | 107.26 | 173.56 | OK | |
r-devel-linux-x86_64-debian-gcc | 3.3 | 40.98 | 77.55 | 118.53 | OK | |
r-devel-linux-x86_64-fedora-clang | 3.3 | 220.87 | OK | |||
r-devel-linux-x86_64-fedora-gcc | 3.3 | 195.97 | OK | |||
r-devel-windows-ix86+x86_64 | 3.3 | 143.00 | 187.00 | 330.00 | OK | |
r-patched-linux-x86_64 | 3.3 | 34.74 | 97.36 | 132.10 | OK | |
r-patched-solaris-x86 | 3.3 | 231.90 | OK | |||
r-release-linux-x86_64 | 3.3 | 33.62 | 96.66 | 130.28 | OK | |
r-release-macos-x86_64 | 3.3 | OK | ||||
r-release-windows-ix86+x86_64 | 3.3 | 104.00 | 147.00 | 251.00 | OK | |
r-oldrel-macos-x86_64 | 3.3 | NOTE | ||||
r-oldrel-windows-ix86+x86_64 | 3.3 | 115.00 | 179.00 | 294.00 | OK |
Version: 3.3
Check: dependencies in R code
Result: NOTE
No protocol specified
Flavor: r-oldrel-macos-x86_64