CRAN Package Check Results for Package UKgrid

Last updated on 2020-12-04 00:48:37 CET.

Flavor Version Tinstall Tcheck Ttotal Status Flags
r-devel-linux-x86_64-debian-clang 0.1.3 5.06 27.52 32.58 OK
r-devel-linux-x86_64-debian-gcc 0.1.3 5.22 23.45 28.67 OK
r-devel-linux-x86_64-fedora-clang 0.1.3 46.15 OK
r-devel-linux-x86_64-fedora-gcc 0.1.3 36.12 OK
r-devel-windows-ix86+x86_64 0.1.3 9.00 42.00 51.00 OK
r-patched-linux-x86_64 0.1.3 5.59 26.33 31.92 OK
r-patched-solaris-x86 0.1.3 54.40 NOTE
r-release-linux-x86_64 0.1.3 5.31 26.46 31.77 OK
r-release-macos-x86_64 0.1.3 OK
r-release-windows-ix86+x86_64 0.1.3 8.00 36.00 44.00 OK
r-oldrel-macos-x86_64 0.1.3 OK
r-oldrel-windows-ix86+x86_64 0.1.3 7.00 40.00 47.00 OK

Check Details

Version: 0.1.3
Check: package dependencies
Result: NOTE
    Package suggested but not available for checking: ‘TSstudio’
Flavor: r-patched-solaris-x86