CRAN Package Check Results for Package TwitterAutomatedTrading

Last updated on 2020-12-04 00:48:37 CET.

Flavor Version Tinstall Tcheck Ttotal Status Flags
r-devel-linux-x86_64-debian-clang 0.1.0 10.74 96.26 107.00 OK
r-devel-linux-x86_64-debian-gcc 0.1.0 9.80 74.26 84.06 OK
r-devel-linux-x86_64-fedora-clang 0.1.0 133.90 NOTE
r-devel-linux-x86_64-fedora-gcc 0.1.0 125.98 NOTE
r-devel-windows-ix86+x86_64 0.1.0 25.00 114.00 139.00 OK
r-patched-linux-x86_64 0.1.0 11.34 89.43 100.77 OK
r-patched-solaris-x86 0.1.0 182.90 NOTE
r-release-linux-x86_64 0.1.0 10.92 89.34 100.26 OK
r-release-macos-x86_64 0.1.0 NOTE
r-release-windows-ix86+x86_64 0.1.0 21.00 119.00 140.00 OK
r-oldrel-macos-x86_64 0.1.0 NOTE
r-oldrel-windows-ix86+x86_64 0.1.0 19.00 108.00 127.00 OK

Check Details

Version: 0.1.0
Check: data for non-ASCII characters
Result: NOTE
     Note: found 34 marked Latin-1 strings
Flavors: r-devel-linux-x86_64-fedora-clang, r-devel-linux-x86_64-fedora-gcc, r-patched-solaris-x86, r-release-macos-x86_64, r-oldrel-macos-x86_64