Last updated on 2020-12-04 00:48:37 CET.
Flavor | Version | Tinstall | Tcheck | Ttotal | Status | Flags |
---|---|---|---|---|---|---|
r-devel-linux-x86_64-debian-clang | 1.3-3 | 11.32 | 100.29 | 111.61 | OK | |
r-devel-linux-x86_64-debian-gcc | 1.3-3 | 11.16 | 75.42 | 86.58 | OK | |
r-devel-linux-x86_64-fedora-clang | 1.3-3 | 139.68 | NOTE | |||
r-devel-linux-x86_64-fedora-gcc | 1.3-3 | 128.79 | OK | |||
r-devel-windows-ix86+x86_64 | 1.3-3 | 24.00 | 120.00 | 144.00 | OK | |
r-patched-linux-x86_64 | 1.3-3 | 10.78 | 91.76 | 102.54 | OK | |
r-patched-solaris-x86 | 1.3-3 | 178.10 | OK | |||
r-release-linux-x86_64 | 1.3-3 | 10.68 | 92.59 | 103.27 | OK | |
r-release-macos-x86_64 | 1.3-3 | OK | ||||
r-release-windows-ix86+x86_64 | 1.3-3 | 17.00 | 125.00 | 142.00 | OK | |
r-oldrel-macos-x86_64 | 1.3-3 | OK | ||||
r-oldrel-windows-ix86+x86_64 | 1.3-3 | 23.00 | 115.00 | 138.00 | OK |
Version: 1.3-3
Check: Rd cross-references
Result: NOTE
Undeclared packages ‘multcomp’, ‘agricolae’ in Rd xrefs
Flavor: r-devel-linux-x86_64-fedora-clang