CRAN Package Check Results for Package TreePar

Last updated on 2020-12-04 00:48:36 CET.

Flavor Version Tinstall Tcheck Ttotal Status Flags
r-devel-linux-x86_64-debian-clang 3.3 10.84 86.68 97.52 NOTE
r-devel-linux-x86_64-debian-gcc 3.3 9.93 67.82 77.75 NOTE
r-devel-linux-x86_64-fedora-clang 3.3 122.62 NOTE
r-devel-linux-x86_64-fedora-gcc 3.3 115.76 NOTE
r-devel-windows-ix86+x86_64 3.3 24.00 106.00 130.00 NOTE
r-patched-linux-x86_64 3.3 12.17 81.03 93.20 NOTE
r-patched-solaris-x86 3.3 180.30 NOTE
r-release-linux-x86_64 3.3 11.03 81.20 92.23 NOTE
r-release-macos-x86_64 3.3 NOTE
r-release-windows-ix86+x86_64 3.3 20.00 110.00 130.00 NOTE
r-oldrel-macos-x86_64 3.3 NOTE
r-oldrel-windows-ix86+x86_64 3.3 18.00 102.00 120.00 NOTE

Check Details

Version: 3.3
Check: R code for possible problems
Result: NOTE
    LikAge: no visible global function definition for 'read.table'
    bd.ME.optim: no visible global function definition for 'optim'
    bd.ME.optim.rho: no visible global function definition for 'optim'
    bd.ME.optim.rho.all: no visible global function definition for 'optim'
    bd.MEyule.optim: no visible global function definition for 'optimize'
    bd.MEyule.optim: no visible global function definition for 'optim'
    bd.age.optim.matlab: no visible global function definition for
     'read.table'
    bd.groups.conf: no visible global function definition for 'uniroot'
    bd.shifts.plot: no visible global function definition for 'lines'
    bdsky.stt.optim: no visible global function definition for 'optim'
    create.mat: no visible global function definition for 'write.table'
    Undefined global functions or variables:
     lines optim optimize read.table uniroot write.table
    Consider adding
     importFrom("graphics", "lines")
     importFrom("stats", "optim", "optimize", "uniroot")
     importFrom("utils", "read.table", "write.table")
    to your NAMESPACE file.
Flavors: r-devel-linux-x86_64-debian-clang, r-devel-linux-x86_64-debian-gcc, r-devel-linux-x86_64-fedora-clang, r-devel-linux-x86_64-fedora-gcc, r-devel-windows-ix86+x86_64, r-patched-linux-x86_64, r-patched-solaris-x86, r-release-linux-x86_64, r-release-macos-x86_64, r-release-windows-ix86+x86_64

Version: 3.3
Check: R code for possible problems
Result: NOTE
    LikAge: no visible global function definition for ‘read.table’
    bd.ME.optim: no visible global function definition for ‘optim’
    bd.ME.optim.rho: no visible global function definition for ‘optim’
    bd.ME.optim.rho.all: no visible global function definition for ‘optim’
    bd.MEyule.optim: no visible global function definition for ‘optimize’
    bd.MEyule.optim: no visible global function definition for ‘optim’
    bd.age.optim.matlab: no visible global function definition for
     ‘read.table’
    bd.groups.conf: no visible global function definition for ‘uniroot’
    bd.shifts.plot: no visible global function definition for ‘plot’
    bd.shifts.plot: no visible global function definition for ‘lines’
    bdsky.stt.optim: no visible global function definition for ‘optim’
    create.mat: no visible global function definition for ‘write.table’
    Undefined global functions or variables:
     lines optim optimize plot read.table uniroot write.table
    Consider adding
     importFrom("graphics", "lines", "plot")
     importFrom("stats", "optim", "optimize", "uniroot")
     importFrom("utils", "read.table", "write.table")
    to your NAMESPACE file.
Flavors: r-oldrel-macos-x86_64, r-oldrel-windows-ix86+x86_64