CRAN Package Check Results for Package TreeLS

Last updated on 2020-12-04 00:48:36 CET.

Flavor Version Tinstall Tcheck Ttotal Status Flags
r-devel-linux-x86_64-debian-clang 2.0.2 137.11 202.63 339.74 OK
r-devel-linux-x86_64-debian-gcc 2.0.2 101.28 153.87 255.15 OK
r-devel-linux-x86_64-fedora-clang 2.0.2 441.66 NOTE
r-devel-linux-x86_64-fedora-gcc 2.0.2 422.80 NOTE
r-devel-windows-ix86+x86_64 2.0.2 314.00 319.00 633.00 OK
r-patched-linux-x86_64 2.0.2 118.20 185.02 303.22 OK
r-patched-solaris-x86 2.0.2 474.80 NOTE
r-release-linux-x86_64 2.0.2 114.47 184.25 298.72 OK
r-release-macos-x86_64 2.0.2 NOTE
r-release-windows-ix86+x86_64 2.0.2 236.00 332.00 568.00 OK
r-oldrel-macos-x86_64 2.0.2 ERROR
r-oldrel-windows-ix86+x86_64 2.0.2 234.00 303.00 537.00 OK

Check Details

Version: 2.0.2
Check: installed package size
Result: NOTE
     installed size is 19.1Mb
     sub-directories of 1Mb or more:
     extdata 1.2Mb
     libs 17.2Mb
Flavors: r-devel-linux-x86_64-fedora-clang, r-release-macos-x86_64, r-oldrel-macos-x86_64

Version: 2.0.2
Check: dependencies in R code
Result: NOTE
    Namespace in Imports field not imported from: ‘mathjaxr’
     All declared Imports should be used.
Flavors: r-devel-linux-x86_64-fedora-clang, r-devel-linux-x86_64-fedora-gcc, r-patched-solaris-x86, r-release-macos-x86_64, r-oldrel-macos-x86_64

Version: 2.0.2
Check: whether package can be installed
Result: WARN
    Found the following significant warnings:
     Warning: 'rgl.init' failed, running with 'rgl.useNULL = TRUE'.
Flavor: r-oldrel-macos-x86_64

Version: 2.0.2
Check: examples
Result: ERROR
    Running examples in ‘TreeLS-Ex.R’ failed
    The error most likely occurred in:
    
    > ### Name: nnFilter
    > ### Title: Nearest neighborhood point filter
    > ### Aliases: nnFilter
    >
    > ### ** Examples
    >
    > file = system.file("extdata", "spruce.laz", package="TreeLS")
    > tls = readTLS(file)
    > nrow(tls@data)
    [1] 83392
    >
    > nn_tls = nnFilter(tls, 0.05, 3)
    sh: sysctl: command not found
     Unable to detect your RAM. # nocov
     Please raise an issue at https://github.com/csgillespie/benchmarkme
    Error in if (can_malloc < 0) { : missing value where TRUE/FALSE needed
    Calls: nnFilter -> sizeCheck
    Execution halted
Flavor: r-oldrel-macos-x86_64