CRAN Package Check Results for Package TrafficBDE

Last updated on 2020-12-04 00:48:36 CET.

Flavor Version Tinstall Tcheck Ttotal Status Flags
r-devel-linux-x86_64-debian-clang 0.1.0 14.71 119.47 134.18 OK
r-devel-linux-x86_64-debian-gcc 0.1.0 12.45 90.09 102.54 OK
r-devel-linux-x86_64-fedora-clang 0.1.0 163.31 NOTE
r-devel-linux-x86_64-fedora-gcc 0.1.0 154.71 NOTE
r-devel-windows-ix86+x86_64 0.1.0 31.00 139.00 170.00 OK
r-patched-linux-x86_64 0.1.0 13.40 109.23 122.63 OK
r-patched-solaris-x86 0.1.0 232.10 NOTE
r-release-linux-x86_64 0.1.0 14.59 108.85 123.44 OK
r-release-macos-x86_64 0.1.0 NOTE
r-release-windows-ix86+x86_64 0.1.0 25.00 104.00 129.00 OK
r-oldrel-macos-x86_64 0.1.0 NOTE
r-oldrel-windows-ix86+x86_64 0.1.0 28.00 130.00 158.00 OK

Check Details

Version: 0.1.0
Check: dependencies in R code
Result: NOTE
    Namespace in Imports field not imported from: ‘neuralnet’
     All declared Imports should be used.
Flavors: r-devel-linux-x86_64-fedora-clang, r-devel-linux-x86_64-fedora-gcc, r-patched-solaris-x86, r-release-macos-x86_64, r-oldrel-macos-x86_64