CRAN Package Check Results for Package TopKLists

Last updated on 2020-12-04 00:48:36 CET.

Flavor Version Tinstall Tcheck Ttotal Status Flags
r-devel-linux-x86_64-debian-clang 1.0.7 14.57 184.43 199.00 OK
r-devel-linux-x86_64-debian-gcc 1.0.7 11.86 151.35 163.21 OK
r-devel-linux-x86_64-fedora-clang 1.0.7 244.01 OK
r-devel-linux-x86_64-fedora-gcc 1.0.7 242.76 OK
r-devel-windows-ix86+x86_64 1.0.7 33.00 263.00 296.00 OK
r-patched-linux-x86_64 1.0.7 12.57 185.68 198.25 OK
r-patched-solaris-x86 1.0.7 421.40 OK
r-release-linux-x86_64 1.0.7 9.60 186.46 196.06 OK
r-release-macos-x86_64 1.0.7 OK
r-release-windows-ix86+x86_64 1.0.7 27.00 206.00 233.00 OK
r-oldrel-macos-x86_64 1.0.7 NOTE
r-oldrel-windows-ix86+x86_64 1.0.7 32.00 261.00 293.00 OK

Check Details

Version: 1.0.7
Check: package dependencies
Result: NOTE
    Package suggested but not available for checking: ‘gWidgets2RGtk2’
Flavor: r-oldrel-macos-x86_64

Version: 1.0.7
Check: dependencies in R code
Result: NOTE
    No protocol specified
Flavor: r-oldrel-macos-x86_64