CRAN Package Check Results for Package TooManyCellsR

Last updated on 2020-12-04 00:48:36 CET.

Flavor Version Tinstall Tcheck Ttotal Status Flags
r-devel-linux-x86_64-debian-clang 0.1.1.0 2.75 23.60 26.35 OK
r-devel-linux-x86_64-debian-gcc 0.1.1.0 2.81 20.04 22.85 OK
r-devel-linux-x86_64-fedora-clang 0.1.1.0 38.73 NOTE
r-devel-linux-x86_64-fedora-gcc 0.1.1.0 28.94 NOTE
r-devel-windows-ix86+x86_64 0.1.1.0 7.00 39.00 46.00 OK
r-patched-linux-x86_64 0.1.1.0 2.72 24.63 27.35 OK
r-patched-solaris-x86 0.1.1.0 46.10 NOTE
r-release-linux-x86_64 0.1.1.0 2.90 23.38 26.28 OK
r-release-macos-x86_64 0.1.1.0 NOTE
r-release-windows-ix86+x86_64 0.1.1.0 4.00 29.00 33.00 OK
r-oldrel-macos-x86_64 0.1.1.0 NOTE
r-oldrel-windows-ix86+x86_64 0.1.1.0 13.00 36.00 49.00 OK

Check Details

Version: 0.1.1.0
Check: dependencies in R code
Result: NOTE
    Namespaces in Imports field not imported from:
     ‘cowplot’ ‘ggplot2’ ‘jsonlite’
     All declared Imports should be used.
Flavors: r-devel-linux-x86_64-fedora-clang, r-devel-linux-x86_64-fedora-gcc, r-patched-solaris-x86, r-release-macos-x86_64, r-oldrel-macos-x86_64