CRAN Package Check Results for Package TextForecast

Last updated on 2020-12-04 00:48:36 CET.

Flavor Version Tinstall Tcheck Ttotal Status Flags
r-devel-linux-x86_64-debian-clang 0.1.2 12.74 114.05 126.79 OK
r-devel-linux-x86_64-debian-gcc 0.1.2 11.26 88.16 99.42 OK
r-devel-linux-x86_64-fedora-clang 0.1.2 159.41 NOTE
r-devel-linux-x86_64-fedora-gcc 0.1.2 149.86 NOTE
r-devel-windows-ix86+x86_64 0.1.2 28.00 135.00 163.00 OK
r-patched-linux-x86_64 0.1.2 13.43 106.08 119.51 OK
r-patched-solaris-x86 0.1.2 250.20 NOTE
r-release-linux-x86_64 0.1.2 12.36 107.62 119.98 OK
r-release-macos-x86_64 0.1.2 NOTE
r-release-windows-ix86+x86_64 0.1.2 20.00 104.00 124.00 OK
r-oldrel-macos-x86_64 0.1.2 NOTE
r-oldrel-windows-ix86+x86_64 0.1.2 21.00 128.00 149.00 OK

Additional issues

donttest

Check Details

Version: 0.1.2
Check: dependencies in R code
Result: NOTE
    Namespaces in Imports field not imported from:
     ‘doParallel’ ‘parallel’ ‘tidyr’
     All declared Imports should be used.
Flavors: r-devel-linux-x86_64-fedora-clang, r-devel-linux-x86_64-fedora-gcc, r-patched-solaris-x86, r-release-macos-x86_64, r-oldrel-macos-x86_64

Version: 0.1.2
Check: data for non-ASCII characters
Result: NOTE
     Note: found 40 marked UTF-8 strings
Flavors: r-devel-linux-x86_64-fedora-clang, r-devel-linux-x86_64-fedora-gcc, r-patched-solaris-x86, r-release-macos-x86_64, r-oldrel-macos-x86_64