CRAN Package Check Results for Package Ternary

Last updated on 2020-12-04 00:48:36 CET.

Flavor Version Tinstall Tcheck Ttotal Status Flags
r-devel-linux-x86_64-debian-clang 1.2.0 6.02 69.93 75.95 OK
r-devel-linux-x86_64-debian-gcc 1.2.0 4.77 53.31 58.08 OK
r-devel-linux-x86_64-fedora-clang 1.2.0 97.26 NOTE
r-devel-linux-x86_64-fedora-gcc 1.2.0 89.94 NOTE
r-devel-windows-ix86+x86_64 1.2.0 11.00 104.00 115.00 OK
r-patched-linux-x86_64 1.2.0 5.99 67.75 73.74 OK
r-patched-solaris-x86 1.2.0 132.20 NOTE
r-release-linux-x86_64 1.2.0 6.07 66.07 72.14 OK
r-release-macos-x86_64 1.2.0 NOTE
r-release-windows-ix86+x86_64 1.2.0 9.00 79.00 88.00 OK
r-oldrel-macos-x86_64 1.2.0 NOTE
r-oldrel-windows-ix86+x86_64 1.2.0 10.00 103.00 113.00 OK

Check Details

Version: 1.2.0
Check: dependencies in R code
Result: NOTE
    Namespaces in Imports field not imported from:
     ‘colourpicker’ ‘shinyjs’
     All declared Imports should be used.
Flavors: r-devel-linux-x86_64-fedora-clang, r-devel-linux-x86_64-fedora-gcc, r-patched-solaris-x86, r-release-macos-x86_64, r-oldrel-macos-x86_64