Last updated on 2020-12-04 00:48:37 CET.
Flavor | Version | Tinstall | Tcheck | Ttotal | Status | Flags |
---|---|---|---|---|---|---|
r-devel-linux-x86_64-debian-clang | 2016.8-1 | 8.49 | 68.24 | 76.73 | OK | |
r-devel-linux-x86_64-debian-gcc | 2016.8-1 | 6.81 | 52.09 | 58.90 | OK | |
r-devel-linux-x86_64-fedora-clang | 2016.8-1 | 99.24 | OK | |||
r-devel-linux-x86_64-fedora-gcc | 2016.8-1 | 93.61 | OK | |||
r-devel-windows-ix86+x86_64 | 2016.8-1 | 16.00 | 86.00 | 102.00 | OK | |
r-patched-linux-x86_64 | 2016.8-1 | 6.83 | 65.92 | 72.75 | OK | |
r-patched-solaris-x86 | 2016.8-1 | 121.40 | OK | |||
r-release-linux-x86_64 | 2016.8-1 | 7.46 | 67.23 | 74.69 | OK | |
r-release-macos-x86_64 | 2016.8-1 | OK | ||||
r-release-windows-ix86+x86_64 | 2016.8-1 | 13.00 | 90.00 | 103.00 | OK | |
r-oldrel-macos-x86_64 | 2016.8-1 | OK | ||||
r-oldrel-windows-ix86+x86_64 | 2016.8-1 | 7.00 | 6.00 | 13.00 | ERROR |
Version: 2016.8-1
Check: whether package can be installed
Result: ERROR
Installation failed.
Flavor: r-oldrel-windows-ix86+x86_64