Last updated on 2020-12-04 00:48:36 CET.
Flavor | Version | Tinstall | Tcheck | Ttotal | Status | Flags |
---|---|---|---|---|---|---|
r-devel-linux-x86_64-debian-clang | 3.7 | 15.39 | 111.14 | 126.53 | OK | |
r-devel-linux-x86_64-debian-gcc | 3.7 | 12.04 | 88.75 | 100.79 | OK | |
r-devel-linux-x86_64-fedora-clang | 3.7 | 158.56 | OK | |||
r-devel-linux-x86_64-fedora-gcc | 3.7 | 156.18 | OK | |||
r-devel-windows-ix86+x86_64 | 3.7 | 35.00 | 188.00 | 223.00 | OK | |
r-patched-linux-x86_64 | 3.7 | 11.27 | 111.00 | 122.27 | OK | |
r-patched-solaris-x86 | 3.7 | 219.10 | OK | |||
r-release-linux-x86_64 | 3.7 | 10.11 | 108.30 | 118.41 | OK | |
r-release-macos-x86_64 | 3.7 | OK | ||||
r-release-windows-ix86+x86_64 | 3.7 | 26.00 | 154.00 | 180.00 | OK | |
r-oldrel-macos-x86_64 | 3.7 | WARN | ||||
r-oldrel-windows-ix86+x86_64 | 3.7 | 33.00 | 174.00 | 207.00 | OK |
Version: 3.7
Check: whether package can be installed
Result: WARN
Found the following significant warnings:
Warning: 'rgl.init' failed, running with 'rgl.useNULL = TRUE'.
Flavor: r-oldrel-macos-x86_64