Last updated on 2020-12-04 00:48:36 CET.
Flavor | Version | Tinstall | Tcheck | Ttotal | Status | Flags |
---|---|---|---|---|---|---|
r-devel-linux-x86_64-debian-clang | 2017.4-1 | 4.38 | 35.80 | 40.18 | OK | |
r-devel-linux-x86_64-debian-gcc | 2017.4-1 | 3.95 | 28.25 | 32.20 | OK | |
r-devel-linux-x86_64-fedora-clang | 2017.4-1 | 55.84 | NOTE | |||
r-devel-linux-x86_64-fedora-gcc | 2017.4-1 | 46.46 | OK | |||
r-devel-windows-ix86+x86_64 | 2017.4-1 | 11.00 | 53.00 | 64.00 | OK | |
r-patched-linux-x86_64 | 2017.4-1 | 5.01 | 35.85 | 40.86 | OK | |
r-patched-solaris-x86 | 2017.4-1 | 66.90 | OK | |||
r-release-linux-x86_64 | 2017.4-1 | 4.82 | 35.74 | 40.56 | OK | |
r-release-macos-x86_64 | 2017.4-1 | OK | ||||
r-release-windows-ix86+x86_64 | 2017.4-1 | 10.00 | 53.00 | 63.00 | OK | |
r-oldrel-macos-x86_64 | 2017.4-1 | OK | ||||
r-oldrel-windows-ix86+x86_64 | 2017.4-1 | 6.00 | 50.00 | 56.00 | OK |
Version: 2017.4-1
Check: Rd cross-references
Result: NOTE
Undeclared packages ‘TSSQLite’, ‘TSMySQL’, ‘TSPostgreSQL’ in Rd xrefs
Flavor: r-devel-linux-x86_64-fedora-clang