CRAN Package Check Results for Package TSEwgt

Last updated on 2020-12-04 00:48:37 CET.

Flavor Version Tinstall Tcheck Ttotal Status Flags
r-devel-linux-x86_64-debian-clang 0.1.0 3.03 22.81 25.84 OK
r-devel-linux-x86_64-debian-gcc 0.1.0 2.35 19.24 21.59 OK
r-devel-linux-x86_64-fedora-clang 0.1.0 38.37 NOTE
r-devel-linux-x86_64-fedora-gcc 0.1.0 29.02 NOTE
r-devel-windows-ix86+x86_64 0.1.0 5.00 36.00 41.00 OK
r-patched-linux-x86_64 0.1.0 2.74 23.02 25.76 OK
r-patched-solaris-x86 0.1.0 45.30 NOTE
r-release-linux-x86_64 0.1.0 3.36 23.08 26.44 OK
r-release-macos-x86_64 0.1.0 NOTE
r-release-windows-ix86+x86_64 0.1.0 5.00 37.00 42.00 OK
r-oldrel-macos-x86_64 0.1.0 NOTE
r-oldrel-windows-ix86+x86_64 0.1.0 3.00 35.00 38.00 OK

Check Details

Version: 0.1.0
Check: dependencies in R code
Result: NOTE
    Namespace in Imports field not imported from: ‘stats’
     All declared Imports should be used.
Flavors: r-devel-linux-x86_64-fedora-clang, r-devel-linux-x86_64-fedora-gcc, r-patched-solaris-x86, r-release-macos-x86_64, r-oldrel-macos-x86_64