CRAN Package Check Results for Package TSEind

Last updated on 2020-12-04 00:48:37 CET.

Flavor Version Tinstall Tcheck Ttotal Status Flags
r-devel-linux-x86_64-debian-clang 0.1.0 2.44 24.35 26.79 OK
r-devel-linux-x86_64-debian-gcc 0.1.0 2.47 20.45 22.92 OK
r-devel-linux-x86_64-fedora-clang 0.1.0 38.42 NOTE
r-devel-linux-x86_64-fedora-gcc 0.1.0 28.82 NOTE
r-devel-windows-ix86+x86_64 0.1.0 5.00 36.00 41.00 OK
r-patched-linux-x86_64 0.1.0 2.73 23.21 25.94 OK
r-patched-solaris-x86 0.1.0 44.00 NOTE
r-release-linux-x86_64 0.1.0 2.97 22.37 25.34 OK
r-release-macos-x86_64 0.1.0 NOTE
r-release-windows-ix86+x86_64 0.1.0 5.00 38.00 43.00 OK
r-oldrel-macos-x86_64 0.1.0 NOTE
r-oldrel-windows-ix86+x86_64 0.1.0 3.00 35.00 38.00 OK

Check Details

Version: 0.1.0
Check: dependencies in R code
Result: NOTE
    Namespace in Imports field not imported from: ‘stats’
     All declared Imports should be used.
Flavors: r-devel-linux-x86_64-fedora-clang, r-devel-linux-x86_64-fedora-gcc, r-patched-solaris-x86, r-release-macos-x86_64, r-oldrel-macos-x86_64