CRAN Package Check Results for Package TMB

Last updated on 2020-12-04 00:48:36 CET.

Flavor Version Tinstall Tcheck Ttotal Status Flags
r-devel-linux-x86_64-debian-clang 1.7.18 77.14 78.74 155.88 OK
r-devel-linux-x86_64-debian-gcc 1.7.18 57.12 60.58 117.70 OK
r-devel-linux-x86_64-fedora-clang 1.7.18 209.47 NOTE
r-devel-linux-x86_64-fedora-gcc 1.7.18 191.29 OK
r-devel-windows-ix86+x86_64 1.7.18 154.00 119.00 273.00 NOTE
r-patched-linux-x86_64 1.7.18 63.97 73.48 137.45 OK
r-patched-solaris-x86 1.7.18 204.10 OK
r-release-linux-x86_64 1.7.18 62.85 72.93 135.78 OK
r-release-macos-x86_64 1.7.18 NOTE
r-release-windows-ix86+x86_64 1.7.18 111.00 122.00 233.00 NOTE
r-oldrel-macos-x86_64 1.7.18 NOTE
r-oldrel-windows-ix86+x86_64 1.7.18 119.00 116.00 235.00 NOTE

Check Details

Version: 1.7.18
Check: installed package size
Result: NOTE
     installed size is 18.1Mb
     sub-directories of 1Mb or more:
     examples 14.6Mb
     include 3.0Mb
Flavors: r-devel-linux-x86_64-fedora-clang, r-devel-windows-ix86+x86_64, r-release-macos-x86_64, r-release-windows-ix86+x86_64, r-oldrel-macos-x86_64, r-oldrel-windows-ix86+x86_64