CRAN Package Check Results for Package TITAN2

Last updated on 2020-12-04 00:48:36 CET.

Flavor Version Tinstall Tcheck Ttotal Status Flags
r-devel-linux-x86_64-debian-clang 2.4 10.93 100.14 111.07 OK
r-devel-linux-x86_64-debian-gcc 2.4 7.90 73.92 81.82 OK
r-devel-linux-x86_64-fedora-clang 2.4 133.74 NOTE
r-devel-linux-x86_64-fedora-gcc 2.4 134.89 NOTE
r-devel-windows-ix86+x86_64 2.4 19.00 121.00 140.00 OK
r-patched-linux-x86_64 2.4 9.60 93.10 102.70 OK
r-patched-solaris-x86 2.4 174.30 NOTE
r-release-linux-x86_64 2.4 10.66 94.42 105.08 OK
r-release-macos-x86_64 2.4 NOTE
r-release-windows-ix86+x86_64 2.4 12.00 99.00 111.00 OK
r-oldrel-macos-x86_64 2.4 NOTE
r-oldrel-windows-ix86+x86_64 2.4 16.00 121.00 137.00 OK

Check Details

Version: 2.4
Check: dependencies in R code
Result: NOTE
    Namespace in Imports field not imported from: ‘snow’
     All declared Imports should be used.
Flavors: r-devel-linux-x86_64-fedora-clang, r-devel-linux-x86_64-fedora-gcc, r-patched-solaris-x86, r-release-macos-x86_64, r-oldrel-macos-x86_64