Last updated on 2020-12-04 00:48:36 CET.
Flavor | Version | Tinstall | Tcheck | Ttotal | Status | Flags |
---|---|---|---|---|---|---|
r-devel-linux-x86_64-debian-clang | 1.0-10 | 6.08 | 33.05 | 39.13 | OK | |
r-devel-linux-x86_64-debian-gcc | 1.0-10 | 5.36 | 27.65 | 33.01 | OK | |
r-devel-linux-x86_64-fedora-clang | 1.0-10 | 53.09 | NOTE | |||
r-devel-linux-x86_64-fedora-gcc | 1.0-10 | 44.61 | OK | |||
r-devel-windows-ix86+x86_64 | 1.0-10 | 15.00 | 50.00 | 65.00 | NOTE | |
r-patched-linux-x86_64 | 1.0-10 | 5.64 | 32.27 | 37.91 | OK | |
r-patched-solaris-x86 | 1.0-10 | 73.10 | NOTE | |||
r-release-linux-x86_64 | 1.0-10 | 5.76 | 33.08 | 38.84 | OK | |
r-release-macos-x86_64 | 1.0-10 | NOTE | ||||
r-release-windows-ix86+x86_64 | 1.0-10 | 12.00 | 51.00 | 63.00 | NOTE | |
r-oldrel-macos-x86_64 | 1.0-10 | NOTE | ||||
r-oldrel-windows-ix86+x86_64 | 1.0-10 | 10.00 | 48.00 | 58.00 | NOTE |
Version: 1.0-10
Check: installed package size
Result: NOTE
installed size is 8.5Mb
sub-directories of 1Mb or more:
data 1.2Mb
rda 7.1Mb
Flavors: r-devel-linux-x86_64-fedora-clang, r-devel-windows-ix86+x86_64, r-patched-solaris-x86, r-release-macos-x86_64, r-release-windows-ix86+x86_64, r-oldrel-macos-x86_64, r-oldrel-windows-ix86+x86_64