Last updated on 2020-12-04 00:48:36 CET.
Flavor | Version | Tinstall | Tcheck | Ttotal | Status | Flags |
---|---|---|---|---|---|---|
r-devel-linux-x86_64-debian-clang | 1.0 | 17.23 | 115.41 | 132.64 | OK | |
r-devel-linux-x86_64-debian-gcc | 1.0 | 13.64 | 89.59 | 103.23 | OK | |
r-devel-linux-x86_64-fedora-clang | 1.0 | 169.49 | OK | |||
r-devel-linux-x86_64-fedora-gcc | 1.0 | 160.57 | OK | |||
r-devel-windows-ix86+x86_64 | 1.0 | 31.00 | 131.00 | 162.00 | OK | |
r-patched-linux-x86_64 | 1.0 | 11.81 | 110.45 | 122.26 | OK | |
r-patched-solaris-x86 | 1.0 | 240.70 | OK | |||
r-release-linux-x86_64 | 1.0 | 11.35 | 109.33 | 120.68 | OK | |
r-release-macos-x86_64 | 1.0 | OK | ||||
r-release-windows-ix86+x86_64 | 1.0 | 24.00 | 108.00 | 132.00 | OK | |
r-oldrel-macos-x86_64 | 1.0 | ERROR | ||||
r-oldrel-windows-ix86+x86_64 | 1.0 | 28.00 | 119.00 | 147.00 | OK |
Version: 1.0
Check: examples
Result: ERROR
Running examples in ‘TELP-Ex.R’ failed
The error most likely occurred in:
> ### Name: telp
> ### Title: The Base Function of This Package The Free Evocation of Words
> ### Technique
> ### Aliases: telp
> ### Keywords: function
>
> ### ** Examples
>
> telp()
Error in structure(.External(.C_dotTclObjv, objv), class = "tclObj") :
[tcl] invalid command name "toplevel".
Calls: telp ... tktoplevel -> tkwidget -> tcl -> .Tcl.objv -> structure
Execution halted
Flavor: r-oldrel-macos-x86_64