CRAN Package Check Results for Package TDMR

Last updated on 2020-12-04 00:48:36 CET.

Flavor Version Tinstall Tcheck Ttotal Status Flags
r-devel-linux-x86_64-debian-clang 2.2 23.99 154.56 178.55 OK
r-devel-linux-x86_64-debian-gcc 2.2 19.63 117.37 137.00 OK
r-devel-linux-x86_64-fedora-clang 2.2 143.99 OK
r-devel-linux-x86_64-fedora-gcc 2.2 120.64 OK
r-devel-windows-ix86+x86_64 2.2 43.00 166.00 209.00 OK
r-patched-linux-x86_64 2.2 15.59 145.23 160.82 OK
r-patched-solaris-x86 2.2 248.10 OK
r-release-linux-x86_64 2.2 15.75 144.44 160.19 OK
r-release-macos-x86_64 2.2 OK
r-release-windows-ix86+x86_64 2.2 29.00 126.00 155.00 OK
r-oldrel-macos-x86_64 2.2 WARN
r-oldrel-windows-ix86+x86_64 2.2 39.00 161.00 200.00 OK

Check Details

Version: 2.2
Check: dependencies in R code
Result: NOTE
    No protocol specified
    No protocol specified
Flavor: r-oldrel-macos-x86_64

Version: 2.2
Check: S3 generic/method consistency
Result: WARN
    No protocol specified
    No protocol specified
    See section ‘Generic functions and methods’ in the ‘Writing R
    Extensions’ manual.
Flavor: r-oldrel-macos-x86_64

Version: 2.2
Check: replacement functions
Result: WARN
    No protocol specified
    No protocol specified
    The argument of a replacement function which corresponds to the right
    hand side must be named ‘value’.
Flavor: r-oldrel-macos-x86_64

Version: 2.2
Check: foreign function calls
Result: NOTE
    No protocol specified
    No protocol specified
    See chapter ‘System and foreign language interfaces’ in the ‘Writing R
    Extensions’ manual.
Flavor: r-oldrel-macos-x86_64

Version: 2.2
Check: R code for possible problems
Result: NOTE
    No protocol specified
    No protocol specified
Flavor: r-oldrel-macos-x86_64

Version: 2.2
Check: for missing documentation entries
Result: WARN
    No protocol specified
    No protocol specified
    All user-level objects in a package should have documentation entries.
    See chapter ‘Writing R documentation files’ in the ‘Writing R
    Extensions’ manual.
Flavor: r-oldrel-macos-x86_64

Version: 2.2
Check: for code/documentation mismatches
Result: WARN
    No protocol specified
    No protocol specified
    No protocol specified
    No protocol specified
    No protocol specified
    No protocol specified
Flavor: r-oldrel-macos-x86_64

Version: 2.2
Check: Rd \usage sections
Result: NOTE
    No protocol specified
    No protocol specified
    The \usage entries for S3 methods should use the \method markup and not
    their full name.
    See chapter ‘Writing R documentation files’ in the ‘Writing R
    Extensions’ manual.
Flavor: r-oldrel-macos-x86_64