Last updated on 2020-12-04 00:48:36 CET.
Flavor | Version | Tinstall | Tcheck | Ttotal | Status | Flags |
---|---|---|---|---|---|---|
r-devel-linux-x86_64-debian-clang | 3.5-19 | 236.42 | 188.13 | 424.55 | OK | |
r-devel-linux-x86_64-debian-gcc | 3.5-19 | 138.08 | 139.01 | 277.09 | OK | |
r-devel-linux-x86_64-fedora-clang | 3.5-19 | 544.09 | NOTE | |||
r-devel-linux-x86_64-fedora-gcc | 3.5-19 | 485.81 | OK | |||
r-devel-windows-ix86+x86_64 | 3.5-19 | 474.00 | 251.00 | 725.00 | OK | |
r-patched-linux-x86_64 | 3.5-19 | 162.27 | 173.65 | 335.92 | OK | |
r-patched-solaris-x86 | 3.5-19 | 461.40 | OK | |||
r-release-linux-x86_64 | 3.5-19 | 164.08 | 175.09 | 339.17 | OK | |
r-release-macos-x86_64 | 3.5-19 | NOTE | ||||
r-release-windows-ix86+x86_64 | 3.5-19 | 341.00 | 256.00 | 597.00 | OK | |
r-oldrel-macos-x86_64 | 3.5-19 | NOTE | ||||
r-oldrel-windows-ix86+x86_64 | 3.5-19 | 366.00 | 233.00 | 599.00 | OK |
Version: 3.5-19
Check: installed package size
Result: NOTE
installed size is 7.7Mb
sub-directories of 1Mb or more:
R 1.3Mb
libs 5.5Mb
Flavors: r-devel-linux-x86_64-fedora-clang, r-release-macos-x86_64, r-oldrel-macos-x86_64
Version: 3.5-19
Check: Rd cross-references
Result: NOTE
Undeclared package ‘mirt’ in Rd xrefs
Flavor: r-devel-linux-x86_64-fedora-clang