Last updated on 2020-12-04 00:48:36 CET.
Flavor | Version | Tinstall | Tcheck | Ttotal | Status | Flags |
---|---|---|---|---|---|---|
r-devel-linux-x86_64-debian-clang | 0.1.0 | 104.51 | 144.89 | 249.40 | OK | |
r-devel-linux-x86_64-debian-gcc | 0.1.0 | 67.93 | 111.64 | 179.57 | OK | |
r-devel-linux-x86_64-fedora-clang | 0.1.0 | 322.83 | OK | |||
r-devel-linux-x86_64-fedora-gcc | 0.1.0 | 298.36 | OK | |||
r-devel-windows-ix86+x86_64 | 0.1.0 | 234.00 | 227.00 | 461.00 | OK | |
r-patched-linux-x86_64 | 0.1.0 | 82.86 | 132.84 | 215.70 | OK | |
r-patched-solaris-x86 | 0.1.0 | 327.40 | OK | |||
r-release-linux-x86_64 | 0.1.0 | 81.99 | 131.80 | 213.79 | OK | |
r-release-macos-x86_64 | 0.1.0 | OK | ||||
r-release-windows-ix86+x86_64 | 0.1.0 | 169.00 | 237.00 | 406.00 | OK | |
r-oldrel-macos-x86_64 | 0.1.0 | WARN | ||||
r-oldrel-windows-ix86+x86_64 | 0.1.0 | 177.00 | 212.00 | 389.00 | OK |
Version: 0.1.0
Check: whether package can be installed
Result: WARN
Found the following significant warnings:
Warning: 'rgl.init' failed, running with 'rgl.useNULL = TRUE'.
Flavor: r-oldrel-macos-x86_64
Version: 0.1.0
Check: Rd files
Result: WARN
prepare_Rd: RGL: unable to open X11 display
prepare_Rd: 'rgl.init' failed, running with 'rgl.useNULL = TRUE'.
Flavor: r-oldrel-macos-x86_64