Last updated on 2020-12-04 00:48:35 CET.
Flavor | Version | Tinstall | Tcheck | Ttotal | Status | Flags |
---|---|---|---|---|---|---|
r-devel-linux-x86_64-debian-clang | 1.7 | 40.27 | 254.71 | 294.98 | OK | |
r-devel-linux-x86_64-debian-gcc | 1.7 | 35.69 | 188.19 | 223.88 | OK | |
r-devel-linux-x86_64-fedora-clang | 1.7 | 382.40 | NOTE | |||
r-devel-linux-x86_64-fedora-gcc | 1.7 | 359.48 | NOTE | |||
r-devel-windows-ix86+x86_64 | 1.7 | 76.00 | 283.00 | 359.00 | OK | |
r-patched-linux-x86_64 | 1.7 | 31.17 | 239.05 | 270.22 | OK | |
r-patched-solaris-x86 | 1.7 | 430.10 | NOTE | |||
r-release-linux-x86_64 | 1.7 | 30.94 | 235.50 | 266.44 | OK | |
r-release-macos-x86_64 | 1.7 | NOTE | ||||
r-release-windows-ix86+x86_64 | 1.7 | 58.00 | 216.00 | 274.00 | OK | |
r-oldrel-macos-x86_64 | 1.7 | WARN | ||||
r-oldrel-windows-ix86+x86_64 | 1.7 | 61.00 | 269.00 | 330.00 | OK |
Version: 1.7
Check: dependencies in R code
Result: NOTE
Namespace in Imports field not imported from: ‘rootSolve’
All declared Imports should be used.
Flavors: r-devel-linux-x86_64-fedora-clang, r-devel-linux-x86_64-fedora-gcc, r-patched-solaris-x86, r-release-macos-x86_64, r-oldrel-macos-x86_64
Version: 1.7
Check: whether package can be installed
Result: WARN
Found the following significant warnings:
Warning: 'rgl.init' failed, running with 'rgl.useNULL = TRUE'.
Flavor: r-oldrel-macos-x86_64