CRAN Package Check Results for Package SuperPCA

Last updated on 2020-12-04 00:48:35 CET.

Flavor Version Tinstall Tcheck Ttotal Status Flags
r-devel-linux-x86_64-debian-clang 0.3.0 13.31 80.81 94.12 OK
r-devel-linux-x86_64-debian-gcc 0.3.0 10.08 62.15 72.23 OK
r-devel-linux-x86_64-fedora-clang 0.3.0 115.68 NOTE
r-devel-linux-x86_64-fedora-gcc 0.3.0 108.51 NOTE
r-devel-windows-ix86+x86_64 0.3.0 23.00 99.00 122.00 OK
r-patched-linux-x86_64 0.3.0 11.76 75.11 86.87 OK
r-patched-solaris-x86 0.3.0 152.90 NOTE
r-release-linux-x86_64 0.3.0 11.59 74.42 86.01 OK
r-release-macos-x86_64 0.3.0 NOTE
r-release-windows-ix86+x86_64 0.3.0 17.00 99.00 116.00 OK
r-oldrel-macos-x86_64 0.3.0 NOTE
r-oldrel-windows-ix86+x86_64 0.3.0 15.00 92.00 107.00 OK

Check Details

Version: 0.3.0
Check: dependencies in R code
Result: NOTE
    Namespaces in Imports field not imported from:
     ‘R.matlab’ ‘fBasics’ ‘spls’
     All declared Imports should be used.
Flavors: r-devel-linux-x86_64-fedora-clang, r-devel-linux-x86_64-fedora-gcc, r-patched-solaris-x86, r-release-macos-x86_64, r-oldrel-macos-x86_64