Last updated on 2020-12-04 00:48:35 CET.
Flavor | Version | Tinstall | Tcheck | Ttotal | Status | Flags |
---|---|---|---|---|---|---|
r-devel-linux-x86_64-debian-clang | 0.1.0 | 16.40 | 131.91 | 148.31 | OK | |
r-devel-linux-x86_64-debian-gcc | 0.1.0 | 13.37 | 101.29 | 114.66 | OK | |
r-devel-linux-x86_64-fedora-clang | 0.1.0 | 185.37 | NOTE | |||
r-devel-linux-x86_64-fedora-gcc | 0.1.0 | 172.96 | NOTE | |||
r-devel-windows-ix86+x86_64 | 0.1.0 | 36.00 | 170.00 | 206.00 | OK | |
r-patched-linux-x86_64 | 0.1.0 | 15.24 | 122.33 | 137.57 | OK | |
r-patched-solaris-x86 | 0.1.0 | 256.40 | NOTE | |||
r-release-linux-x86_64 | 0.1.0 | 15.76 | 122.71 | 138.47 | OK | |
r-release-macos-x86_64 | 0.1.0 | NOTE | ||||
r-release-windows-ix86+x86_64 | 0.1.0 | 26.00 | 128.00 | 154.00 | OK | |
r-oldrel-macos-x86_64 | 0.1.0 | NOTE | ||||
r-oldrel-windows-ix86+x86_64 | 0.1.0 | 32.00 | 159.00 | 191.00 | OK |
Version: 0.1.0
Check: dependencies in R code
Result: NOTE
Namespaces in Imports field not imported from:
‘broom’ ‘car’ ‘lmerTest’ ‘pbkrtest’
All declared Imports should be used.
Flavors: r-devel-linux-x86_64-fedora-clang, r-devel-linux-x86_64-fedora-gcc, r-patched-solaris-x86, r-release-macos-x86_64, r-oldrel-macos-x86_64