Last updated on 2020-12-04 00:48:35 CET.
Flavor | Version | Tinstall | Tcheck | Ttotal | Status | Flags |
---|---|---|---|---|---|---|
r-devel-linux-x86_64-debian-clang | 1.1.1 | 13.08 | 94.19 | 107.27 | OK | |
r-devel-linux-x86_64-debian-gcc | 1.1.1 | 10.73 | 71.25 | 81.98 | OK | |
r-devel-linux-x86_64-fedora-clang | 1.1.1 | 133.52 | OK | |||
r-devel-linux-x86_64-fedora-gcc | 1.1.1 | 124.98 | OK | |||
r-devel-windows-ix86+x86_64 | 1.1.1 | 25.00 | 120.00 | 145.00 | OK | |
r-patched-linux-x86_64 | 1.1.1 | 14.20 | 86.94 | 101.14 | OK | |
r-patched-solaris-x86 | 1.1.1 | 169.40 | OK | |||
r-release-linux-x86_64 | 1.1.1 | 13.57 | 87.29 | 100.86 | OK | |
r-release-macos-x86_64 | 1.1.1 | OK | ||||
r-release-windows-ix86+x86_64 | 1.1.1 | 20.00 | 122.00 | 142.00 | OK | |
r-oldrel-macos-x86_64 | 1.1.1 | ERROR | ||||
r-oldrel-windows-ix86+x86_64 | 1.1.0 | 21.00 | 81.00 | 102.00 | OK |
Version: 1.1.1
Check: whether package can be installed
Result: ERROR
Installation failed.
Flavor: r-oldrel-macos-x86_64