CRAN Package Check Results for Package StrathE2E2

Last updated on 2020-12-04 00:48:35 CET.

Flavor Version Tinstall Tcheck Ttotal Status Flags
r-devel-linux-x86_64-debian-clang 3.2.0 47.41 274.40 321.81 NOTE
r-devel-linux-x86_64-debian-gcc 3.2.0 43.11 202.68 245.79 NOTE
r-devel-linux-x86_64-fedora-clang 3.2.0 391.04 NOTE
r-devel-linux-x86_64-fedora-gcc 3.2.0 397.18 NOTE
r-devel-windows-ix86+x86_64 3.2.0 88.00 493.00 581.00 NOTE
r-patched-linux-x86_64 3.2.0 47.16 261.26 308.42 NOTE
r-patched-solaris-x86 3.2.0 588.10 NOTE
r-release-linux-x86_64 3.2.0 44.89 259.39 304.28 NOTE
r-release-macos-x86_64 3.2.0 NOTE
r-release-windows-ix86+x86_64 3.2.0 68.00 399.00 467.00 NOTE
r-oldrel-macos-x86_64 3.2.0 NOTE
r-oldrel-windows-ix86+x86_64 3.2.0 66.00 487.00 553.00 NOTE

Check Details

Version: 3.2.0
Check: package dependencies
Result: NOTE
    Package suggested but not available for checking: 'StrathE2E2examples'
Flavors: r-devel-linux-x86_64-debian-clang, r-devel-linux-x86_64-debian-gcc, r-devel-linux-x86_64-fedora-clang, r-devel-linux-x86_64-fedora-gcc, r-devel-windows-ix86+x86_64, r-patched-linux-x86_64, r-patched-solaris-x86, r-release-linux-x86_64, r-release-macos-x86_64, r-release-windows-ix86+x86_64, r-oldrel-macos-x86_64, r-oldrel-windows-ix86+x86_64