Last updated on 2020-12-04 00:48:35 CET.
Flavor | Version | Tinstall | Tcheck | Ttotal | Status | Flags |
---|---|---|---|---|---|---|
r-devel-linux-x86_64-debian-clang | 1.2 | 3.25 | 24.27 | 27.52 | NOTE | |
r-devel-linux-x86_64-debian-gcc | 1.2 | 2.35 | 19.39 | 21.74 | NOTE | |
r-devel-linux-x86_64-fedora-clang | 1.2 | 40.50 | NOTE | |||
r-devel-linux-x86_64-fedora-gcc | 1.2 | 30.46 | NOTE | |||
r-devel-windows-ix86+x86_64 | 1.2 | 8.00 | 38.00 | 46.00 | NOTE | |
r-patched-linux-x86_64 | 1.2 | 3.62 | 24.52 | 28.14 | NOTE | |
r-patched-solaris-x86 | 1.2 | 49.10 | NOTE | |||
r-release-linux-x86_64 | 1.2 | 3.79 | 23.77 | 27.56 | NOTE | |
r-release-macos-x86_64 | 1.2 | NOTE | ||||
r-release-windows-ix86+x86_64 | 1.2 | 7.00 | 32.00 | 39.00 | NOTE | |
r-oldrel-macos-x86_64 | 1.2 | NOTE | ||||
r-oldrel-windows-ix86+x86_64 | 1.2 | 4.00 | 36.00 | 40.00 | NOTE |
Version: 1.2
Check: DESCRIPTION meta-information
Result: NOTE
Malformed Title field: should not end in a period.
Flavors: r-devel-linux-x86_64-debian-clang, r-devel-linux-x86_64-debian-gcc, r-devel-linux-x86_64-fedora-clang, r-devel-linux-x86_64-fedora-gcc, r-devel-windows-ix86+x86_64, r-patched-linux-x86_64, r-patched-solaris-x86, r-release-linux-x86_64, r-release-macos-x86_64, r-release-windows-ix86+x86_64, r-oldrel-macos-x86_64, r-oldrel-windows-ix86+x86_64