CRAN Package Check Results for Package SqlRender

Last updated on 2020-12-04 00:48:35 CET.

Flavor Version Tinstall Tcheck Ttotal Status Flags
r-devel-linux-x86_64-debian-clang 1.6.8 4.02 64.74 68.76 OK
r-devel-linux-x86_64-debian-gcc 1.6.8 3.03 49.63 52.66 OK
r-devel-linux-x86_64-fedora-clang 1.6.8 90.63 OK
r-devel-linux-x86_64-fedora-gcc 1.6.8 83.00 OK
r-devel-windows-ix86+x86_64 1.6.8 10.00 90.00 100.00 OK
r-patched-linux-x86_64 1.6.8 3.58 62.06 65.64 OK
r-patched-solaris-x86 1.6.8 100.90 OK
r-release-linux-x86_64 1.6.8 3.42 60.42 63.84 OK
r-release-macos-x86_64 1.6.8 OK
r-release-windows-ix86+x86_64 1.6.8 8.00 69.00 77.00 OK
r-oldrel-macos-x86_64 1.6.8 OK
r-oldrel-windows-ix86+x86_64 1.6.8 4.00 7.00 11.00 ERROR

Check Details

Version: 1.6.8
Check: whether package can be installed
Result: ERROR
    Installation failed.
Flavor: r-oldrel-windows-ix86+x86_64