CRAN Package Check Results for Package SpotSampling

Last updated on 2020-12-04 00:48:35 CET.

Flavor Version Tinstall Tcheck Ttotal Status Flags
r-devel-linux-x86_64-debian-clang 0.1.0 3.46 28.92 32.38 OK
r-devel-linux-x86_64-debian-gcc 0.1.0 2.73 23.13 25.86 OK
r-devel-linux-x86_64-fedora-clang 0.1.0 45.37 NOTE
r-devel-linux-x86_64-fedora-gcc 0.1.0 35.15 NOTE
r-devel-windows-ix86+x86_64 0.1.0 5.00 46.00 51.00 OK
r-patched-linux-x86_64 0.1.0 3.54 27.76 31.30 OK
r-patched-solaris-x86 0.1.0 49.90 NOTE
r-release-linux-x86_64 0.1.0 3.31 28.12 31.43 OK
r-release-macos-x86_64 0.1.0 NOTE
r-release-windows-ix86+x86_64 0.1.0 5.00 46.00 51.00 OK
r-oldrel-macos-x86_64 0.1.0 NOTE
r-oldrel-windows-ix86+x86_64 0.1.0 4.00 43.00 47.00 OK

Check Details

Version: 0.1.0
Check: dependencies in R code
Result: NOTE
    Namespace in Imports field not imported from: ‘sampling’
     All declared Imports should be used.
Flavors: r-devel-linux-x86_64-fedora-clang, r-devel-linux-x86_64-fedora-gcc, r-patched-solaris-x86, r-release-macos-x86_64, r-oldrel-macos-x86_64