Last updated on 2020-12-04 00:48:34 CET.
Flavor | Version | Tinstall | Tcheck | Ttotal | Status | Flags |
---|---|---|---|---|---|---|
r-devel-linux-x86_64-debian-clang | 1.0 | 64.90 | 64.37 | 129.27 | OK | |
r-devel-linux-x86_64-debian-gcc | 1.0 | 43.93 | 48.18 | 92.11 | OK | |
r-devel-linux-x86_64-fedora-clang | 1.0 | 176.04 | NOTE | |||
r-devel-linux-x86_64-fedora-gcc | 1.0 | 155.64 | NOTE | |||
r-devel-windows-ix86+x86_64 | 1.0 | 156.00 | 114.00 | 270.00 | OK | |
r-patched-linux-x86_64 | 1.0 | 55.49 | 58.26 | 113.75 | OK | |
r-patched-solaris-x86 | 1.0 | 177.70 | OK | |||
r-release-linux-x86_64 | 1.0 | 51.64 | 57.50 | 109.14 | OK | |
r-release-macos-x86_64 | 1.0 | OK | ||||
r-release-windows-ix86+x86_64 | 1.0 | 116.00 | 84.00 | 200.00 | OK | |
r-oldrel-macos-x86_64 | 1.0 | OK | ||||
r-oldrel-windows-ix86+x86_64 | 1.0 | 123.00 | 103.00 | 226.00 | OK |
Version: 1.0
Check: compiled code
Result: NOTE
File ‘SparseFactorAnalysis/libs/SparseFactorAnalysis.so’:
Found no calls to: ‘R_registerRoutines’, ‘R_useDynamicSymbols’
It is good practice to register native routines and to disable symbol
search.
See ‘Writing portable packages’ in the ‘Writing R Extensions’ manual.
Flavors: r-devel-linux-x86_64-fedora-clang, r-devel-linux-x86_64-fedora-gcc