CRAN Package Check Results for Package SpATS

Last updated on 2020-12-04 00:48:35 CET.

Flavor Version Tinstall Tcheck Ttotal Status Flags
r-devel-linux-x86_64-debian-clang 1.0-11 7.71 76.70 84.41 OK
r-devel-linux-x86_64-debian-gcc 1.0-11 6.60 58.96 65.56 OK
r-devel-linux-x86_64-fedora-clang 1.0-11 106.96 OK
r-devel-linux-x86_64-fedora-gcc 1.0-11 96.63 OK
r-devel-windows-ix86+x86_64 1.0-11 15.00 96.00 111.00 OK
r-patched-linux-x86_64 1.0-11 6.86 72.02 78.88 OK
r-patched-solaris-x86 1.0-11 145.00 OK
r-release-linux-x86_64 1.0-11 7.49 72.65 80.14 OK
r-release-macos-x86_64 1.0-11 OK
r-release-windows-ix86+x86_64 1.0-11 12.00 97.00 109.00 OK
r-oldrel-macos-x86_64 1.0-11 NOTE
r-oldrel-windows-ix86+x86_64 1.0-11 10.00 89.00 99.00 OK

Check Details

Version: 1.0-11
Check: dependencies in R code
Result: NOTE
    No protocol specified
Flavor: r-oldrel-macos-x86_64