CRAN Package Check Results for Package SmoothWin

Last updated on 2020-12-04 00:48:34 CET.

Flavor Version Tinstall Tcheck Ttotal Status Flags
r-devel-linux-x86_64-debian-clang 3.0.0 3.72 40.60 44.32 OK
r-devel-linux-x86_64-debian-gcc 3.0.0 3.48 32.51 35.99 OK
r-devel-linux-x86_64-fedora-clang 3.0.0 58.43 NOTE
r-devel-linux-x86_64-fedora-gcc 3.0.0 48.97 NOTE
r-devel-windows-ix86+x86_64 3.0.0 7.00 58.00 65.00 OK
r-patched-linux-x86_64 3.0.0 3.59 38.98 42.57 OK
r-patched-solaris-x86 3.0.0 70.20 NOTE
r-release-linux-x86_64 3.0.0 3.90 39.54 43.44 OK
r-release-macos-x86_64 3.0.0 NOTE
r-release-windows-ix86+x86_64 3.0.0 7.00 42.00 49.00 OK
r-oldrel-macos-x86_64 3.0.0 NOTE
r-oldrel-windows-ix86+x86_64 3.0.0 5.00 56.00 61.00 OK

Check Details

Version: 3.0.0
Check: dependencies in R code
Result: NOTE
    Namespace in Imports field not imported from: ‘nlme’
     All declared Imports should be used.
Flavors: r-devel-linux-x86_64-fedora-clang, r-devel-linux-x86_64-fedora-gcc, r-patched-solaris-x86, r-release-macos-x86_64, r-oldrel-macos-x86_64