CRAN Package Check Results for Package Sleuth3

Last updated on 2020-12-04 00:48:34 CET.

Flavor Version Tinstall Tcheck Ttotal Status Flags
r-devel-linux-x86_64-debian-clang 1.0-3 5.35 260.59 265.94 OK
r-devel-linux-x86_64-debian-gcc 1.0-3 4.55 194.83 199.38 OK
r-devel-linux-x86_64-fedora-clang 1.0-3 337.71 NOTE
r-devel-linux-x86_64-fedora-gcc 1.0-3 333.90 OK
r-devel-windows-ix86+x86_64 1.0-3 11.00 422.00 433.00 NOTE
r-patched-linux-x86_64 1.0-3 5.66 253.17 258.83 OK
r-patched-solaris-x86 1.0-3 392.10 NOTE
r-release-linux-x86_64 1.0-3 6.15 256.27 262.42 OK
r-release-macos-x86_64 1.0-3 NOTE
r-release-windows-ix86+x86_64 1.0-3 8.00 329.00 337.00 NOTE
r-oldrel-macos-x86_64 1.0-3 NOTE
r-oldrel-windows-ix86+x86_64 1.0-3 8.00 424.00 432.00 NOTE

Check Details

Version: 1.0-3
Check: installed package size
Result: NOTE
     installed size is 5.1Mb
     sub-directories of 1Mb or more:
     doc 3.7Mb
Flavors: r-devel-linux-x86_64-fedora-clang, r-devel-windows-ix86+x86_64, r-patched-solaris-x86, r-release-macos-x86_64, r-release-windows-ix86+x86_64, r-oldrel-macos-x86_64, r-oldrel-windows-ix86+x86_64