Last updated on 2020-12-04 00:48:34 CET.
Flavor | Version | Tinstall | Tcheck | Ttotal | Status | Flags |
---|---|---|---|---|---|---|
r-devel-linux-x86_64-debian-clang | 1.0.8 | 103.94 | 33.16 | 137.10 | OK | |
r-devel-linux-x86_64-debian-gcc | 1.0.8 | 72.98 | 28.08 | 101.06 | OK | |
r-devel-linux-x86_64-fedora-clang | 1.0.8 | 204.08 | NOTE | |||
r-devel-linux-x86_64-fedora-gcc | 1.0.8 | 184.04 | OK | |||
r-devel-windows-ix86+x86_64 | 1.0.8 | 250.00 | 79.00 | 329.00 | OK | |
r-patched-linux-x86_64 | 1.0.8 | 85.47 | 31.90 | 117.37 | OK | |
r-patched-solaris-x86 | 1.0.8 | 165.00 | OK | |||
r-release-linux-x86_64 | 1.0.8 | 85.27 | 33.27 | 118.54 | OK | |
r-release-macos-x86_64 | 1.0.8 | NOTE | ||||
r-release-windows-ix86+x86_64 | 1.0.8 | 188.00 | 69.00 | 257.00 | OK | |
r-oldrel-macos-x86_64 | 1.0.8 | NOTE | ||||
r-oldrel-windows-ix86+x86_64 | 1.0.8 | 188.00 | 75.00 | 263.00 | OK |
Version: 1.0.8
Check: installed package size
Result: NOTE
installed size is 6.4Mb
sub-directories of 1Mb or more:
libs 6.2Mb
Flavors: r-devel-linux-x86_64-fedora-clang, r-release-macos-x86_64, r-oldrel-macos-x86_64