CRAN Package Check Results for Package SimSurvey

Last updated on 2020-12-04 00:48:34 CET.

Flavor Version Tinstall Tcheck Ttotal Status Flags
r-devel-linux-x86_64-debian-clang 0.1.2 15.68 147.88 163.56 NOTE
r-devel-linux-x86_64-debian-gcc 0.1.2 13.06 111.17 124.23 NOTE
r-devel-linux-x86_64-fedora-clang 0.1.2 194.91 NOTE
r-devel-linux-x86_64-fedora-gcc 0.1.2 182.44 NOTE
r-devel-windows-ix86+x86_64 0.1.2 30.00 162.00 192.00 OK
r-patched-linux-x86_64 0.1.2 13.85 143.26 157.11 NOTE
r-patched-solaris-x86 0.1.2 254.40 NOTE
r-release-linux-x86_64 0.1.2 14.33 142.70 157.03 NOTE
r-release-macos-x86_64 0.1.2 NOTE
r-release-windows-ix86+x86_64 0.1.2 24.00 136.00 160.00 OK
r-oldrel-macos-x86_64 0.1.2 NOTE
r-oldrel-windows-ix86+x86_64 0.1.2 29.00 162.00 191.00 NOTE

Check Details

Version: 0.1.2
Check: package dependencies
Result: NOTE
    Package suggested but not available for checking: 'INLA'
Flavors: r-devel-linux-x86_64-debian-clang, r-devel-linux-x86_64-debian-gcc, r-patched-linux-x86_64, r-patched-solaris-x86, r-release-linux-x86_64, r-release-macos-x86_64, r-oldrel-macos-x86_64

Version: 0.1.2
Check: dependencies in R code
Result: NOTE
    Namespaces in Imports field not imported from:
     ‘igraph’ ‘rgeos’ ‘sp’
     All declared Imports should be used.
Flavors: r-devel-linux-x86_64-fedora-clang, r-devel-linux-x86_64-fedora-gcc, r-patched-solaris-x86, r-release-macos-x86_64, r-oldrel-macos-x86_64

Version: 0.1.2
Check: dependencies in R code
Result: NOTE
    Missing or unexported objects:
     'INLA::inla.barrier.pcmatern' 'INLA::inla.rgeneric.q'
Flavor: r-oldrel-windows-ix86+x86_64