Last updated on 2020-12-04 00:48:34 CET.
Flavor | Version | Tinstall | Tcheck | Ttotal | Status | Flags |
---|---|---|---|---|---|---|
r-devel-linux-x86_64-debian-clang | 3.0 | 38.36 | 175.65 | 214.01 | OK | |
r-devel-linux-x86_64-debian-gcc | 3.0 | 23.33 | 127.12 | 150.45 | OK | |
r-devel-linux-x86_64-fedora-clang | 3.0 | 258.41 | NOTE | |||
r-devel-linux-x86_64-fedora-gcc | 3.0 | 241.53 | NOTE | |||
r-devel-windows-ix86+x86_64 | 3.0 | 82.00 | 235.00 | 317.00 | OK | |
r-patched-linux-x86_64 | 3.0 | 29.33 | 165.93 | 195.26 | OK | |
r-patched-solaris-x86 | 3.0 | 308.20 | NOTE | |||
r-release-linux-x86_64 | 3.0 | 30.94 | 165.30 | 196.24 | OK | |
r-release-macos-x86_64 | 3.0 | NOTE | ||||
r-release-windows-ix86+x86_64 | 3.0 | 61.00 | 244.00 | 305.00 | OK | |
r-oldrel-macos-x86_64 | 3.0 | NOTE | ||||
r-oldrel-windows-ix86+x86_64 | 3.0 | 61.00 | 227.00 | 288.00 | OK |
Version: 3.0
Check: dependencies in R code
Result: NOTE
Namespace in Imports field not imported from: ‘Rcpp’
All declared Imports should be used.
Flavors: r-devel-linux-x86_64-fedora-clang, r-devel-linux-x86_64-fedora-gcc, r-patched-solaris-x86, r-release-macos-x86_64, r-oldrel-macos-x86_64
Version: 3.0
Check: compiled code
Result: NOTE
File ‘SimReg/libs/SimReg.so’:
Found no calls to: ‘R_registerRoutines’, ‘R_useDynamicSymbols’
It is good practice to register native routines and to disable symbol
search.
See ‘Writing portable packages’ in the ‘Writing R Extensions’ manual.
Flavors: r-devel-linux-x86_64-fedora-clang, r-devel-linux-x86_64-fedora-gcc