CRAN Package Check Results for Package SimJoint

Last updated on 2020-12-04 00:48:34 CET.

Flavor Version Tinstall Tcheck Ttotal Status Flags
r-devel-linux-x86_64-debian-clang 0.3.7 88.37 40.46 128.83 NOTE
r-devel-linux-x86_64-debian-gcc 0.3.7 55.41 33.27 88.68 NOTE
r-devel-linux-x86_64-fedora-clang 0.3.7 184.94 NOTE
r-devel-linux-x86_64-fedora-gcc 0.3.7 156.96 NOTE
r-devel-windows-ix86+x86_64 0.3.7 182.00 86.00 268.00 NOTE
r-patched-linux-x86_64 0.3.7 71.99 40.44 112.43 NOTE
r-patched-solaris-x86 0.3.7 164.90 NOTE
r-release-linux-x86_64 0.3.7 68.66 40.67 109.33 NOTE
r-release-macos-x86_64 0.3.7 NOTE
r-release-windows-ix86+x86_64 0.3.7 134.00 94.00 228.00 NOTE
r-oldrel-macos-x86_64 0.3.7 NOTE
r-oldrel-windows-ix86+x86_64 0.3.7 131.00 85.00 216.00 NOTE

Check Details

Version: 0.3.7
Check: for GNU extensions in Makefiles
Result: NOTE
    GNU make is a SystemRequirements.
Flavors: r-devel-linux-x86_64-debian-clang, r-devel-linux-x86_64-debian-gcc, r-devel-linux-x86_64-fedora-clang, r-devel-linux-x86_64-fedora-gcc, r-devel-windows-ix86+x86_64, r-patched-linux-x86_64, r-patched-solaris-x86, r-release-linux-x86_64, r-release-macos-x86_64, r-release-windows-ix86+x86_64, r-oldrel-macos-x86_64, r-oldrel-windows-ix86+x86_64

Version: 0.3.7
Check: installed package size
Result: NOTE
     installed size is 5.9Mb
     sub-directories of 1Mb or more:
     libs 5.6Mb
Flavors: r-devel-linux-x86_64-fedora-clang, r-release-macos-x86_64, r-oldrel-macos-x86_64