CRAN Package Check Results for Package SimEUCartelLaw

Last updated on 2020-12-04 00:48:34 CET.

Flavor Version Tinstall Tcheck Ttotal Status Flags
r-devel-linux-x86_64-debian-clang 1.0.1 6.25 54.15 60.40 OK
r-devel-linux-x86_64-debian-gcc 1.0.1 5.03 42.37 47.40 OK
r-devel-linux-x86_64-fedora-clang 1.0.1 84.56 OK
r-devel-linux-x86_64-fedora-gcc 1.0.1 74.15 OK
r-devel-windows-ix86+x86_64 1.0.1 15.00 79.00 94.00 OK
r-patched-linux-x86_64 1.0.1 6.35 56.84 63.19 OK
r-patched-solaris-x86 1.0.1 115.00 OK
r-release-linux-x86_64 1.0.1 5.39 54.76 60.15 OK
r-release-macos-x86_64 1.0.1 OK
r-release-windows-ix86+x86_64 1.0.1 12.00 81.00 93.00 OK
r-oldrel-macos-x86_64 1.0.1 WARN
r-oldrel-windows-ix86+x86_64 1.0.1 10.00 74.00 84.00 OK

Check Details

Version: 1.0.1
Check: whether package can be installed
Result: WARN
    Found the following significant warnings:
     Warning: 'rgl_init' failed, running with rgl.useNULL = TRUE
Flavor: r-oldrel-macos-x86_64