Last updated on 2020-12-04 00:48:34 CET.
Flavor | Version | Tinstall | Tcheck | Ttotal | Status | Flags |
---|---|---|---|---|---|---|
r-devel-linux-x86_64-debian-clang | 1.1.0 | 121.63 | 656.06 | 777.69 | OK | |
r-devel-linux-x86_64-debian-gcc | 1.1.0 | 93.04 | 504.39 | 597.43 | OK | |
r-devel-linux-x86_64-fedora-clang | 1.1.0 | 1020.44 | NOTE | |||
r-devel-linux-x86_64-fedora-gcc | 1.1.0 | 983.24 | OK | |||
r-devel-windows-ix86+x86_64 | 1.1.0 | 280.00 | 1119.00 | 1399.00 | OK | |
r-patched-linux-x86_64 | 1.1.0 | 84.65 | 627.66 | 712.31 | OK | |
r-patched-solaris-x86 | 1.1.0 | 1343.00 | NOTE | |||
r-release-linux-x86_64 | 1.1.0 | 83.22 | 631.03 | 714.25 | OK | |
r-release-macos-x86_64 | 1.1.0 | ERROR | ||||
r-release-windows-ix86+x86_64 | 1.1.0 | 188.00 | 910.00 | 1098.00 | OK | |
r-oldrel-macos-x86_64 | 1.1.0 | ERROR | ||||
r-oldrel-windows-ix86+x86_64 | 1.1.0 | 29.00 | 6.00 | 35.00 | ERROR |
Version: 1.1.0
Check: package dependencies
Result: NOTE
Imports includes 30 non-default packages.
Importing from so many packages makes the package vulnerable to any of
them becoming unavailable. Move as many as possible to Suggests and
use conditionally.
Flavor: r-devel-linux-x86_64-fedora-clang
Version: 1.1.0
Check: package dependencies
Result: NOTE
Packages suggested but not available for checking:
'chromVAR', 'TFBSTools', 'motifmatchr'
Flavor: r-patched-solaris-x86
Version: 1.1.0
Check: Rd cross-references
Result: NOTE
Packages unavailable to check Rd xrefs: ‘TFBSTools’, ‘motifmatchr’, ‘chromVAR’
Flavor: r-patched-solaris-x86
Version: 1.1.0
Check: package dependencies
Result: ERROR
Package required but not available: ‘ggbio’
Packages suggested but not available for checking:
'chromVAR', 'TFBSTools', 'motifmatchr'
See section ‘The DESCRIPTION file’ in the ‘Writing R Extensions’
manual.
Flavor: r-release-macos-x86_64
Version: 1.1.0
Check: package dependencies
Result: ERROR
Packages required but not available:
'ggbio', 'biovizBase', 'AnnotationFilter'
Packages suggested but not available for checking:
'chromVAR', 'TFBSTools', 'motifmatchr'
See section ‘The DESCRIPTION file’ in the ‘Writing R Extensions’
manual.
Flavor: r-oldrel-macos-x86_64
Version: 1.1.0
Check: whether package can be installed
Result: ERROR
Installation failed.
Flavor: r-oldrel-windows-ix86+x86_64