CRAN Package Check Results for Package SigTree

Last updated on 2020-12-04 00:48:34 CET.

Flavor Version Tinstall Tcheck Ttotal Status Flags
r-devel-linux-x86_64-debian-clang 1.10.6 30.27 261.48 291.75 NOTE
r-devel-linux-x86_64-debian-gcc 1.10.6 25.07 197.27 222.34 NOTE
r-devel-linux-x86_64-fedora-clang 1.10.6 360.90 NOTE
r-devel-linux-x86_64-fedora-gcc 1.10.6 349.24 NOTE
r-devel-windows-ix86+x86_64 1.10.6 75.00 375.00 450.00 OK
r-patched-linux-x86_64 1.10.6 27.28 244.17 271.45 NOTE
r-patched-solaris-x86 1.10.6 514.80 NOTE
r-release-linux-x86_64 1.10.6 27.15 239.39 266.54 NOTE
r-release-macos-x86_64 1.10.6 OK
r-release-windows-ix86+x86_64 1.10.6 54.00 284.00 338.00 OK
r-oldrel-macos-x86_64 1.10.6 OK
r-oldrel-windows-ix86+x86_64 1.10.6 52.00 346.00 398.00 OK

Check Details

Version: 1.10.6
Check: for non-standard things in the check directory
Result: NOTE
    Found the following files/directories:
     'ExportFigtree1.tre'
Flavors: r-devel-linux-x86_64-debian-clang, r-devel-linux-x86_64-debian-gcc, r-devel-linux-x86_64-fedora-clang, r-devel-linux-x86_64-fedora-gcc, r-patched-linux-x86_64, r-patched-solaris-x86, r-release-linux-x86_64