Last updated on 2020-12-04 00:48:34 CET.
Flavor | Version | Tinstall | Tcheck | Ttotal | Status | Flags |
---|---|---|---|---|---|---|
r-devel-linux-x86_64-debian-clang | 1.3.4 | 19.73 | 164.09 | 183.82 | OK | |
r-devel-linux-x86_64-debian-gcc | 1.3.4 | 17.51 | 124.15 | 141.66 | OK | |
r-devel-linux-x86_64-fedora-clang | 1.3.4 | 228.49 | NOTE | |||
r-devel-linux-x86_64-fedora-gcc | 1.3.4 | 217.91 | NOTE | |||
r-devel-windows-ix86+x86_64 | 1.3.4 | 41.00 | 189.00 | 230.00 | OK | |
r-patched-linux-x86_64 | 1.3.4 | 19.74 | 152.05 | 171.79 | OK | |
r-patched-solaris-x86 | 1.3.4 | 314.50 | NOTE | |||
r-release-linux-x86_64 | 1.3.4 | 21.36 | 150.90 | 172.26 | OK | |
r-release-macos-x86_64 | 1.3.4 | NOTE | ||||
r-release-windows-ix86+x86_64 | 1.3.4 | 29.00 | 147.00 | 176.00 | OK | |
r-oldrel-macos-x86_64 | 1.3.4 | NOTE | ||||
r-oldrel-windows-ix86+x86_64 | 1.3.4 | 40.00 | 181.00 | 221.00 | OK |
Version: 1.3.4
Check: package dependencies
Result: NOTE
Imports includes 32 non-default packages.
Importing from so many packages makes the package vulnerable to any of
them becoming unavailable. Move as many as possible to Suggests and
use conditionally.
Flavor: r-devel-linux-x86_64-fedora-clang
Version: 1.3.4
Check: dependencies in R code
Result: NOTE
Namespaces in Imports field not imported from:
‘DT’ ‘VGAM’ ‘data.table’ ‘dplyr’ ‘ggdendro’ ‘gridExtra’ ‘knitr’
‘latticeExtra’ ‘msm’ ‘plotly’ ‘shinyBS’ ‘shinydashboard’ ‘xtable’
All declared Imports should be used.
Flavors: r-devel-linux-x86_64-fedora-clang, r-devel-linux-x86_64-fedora-gcc, r-patched-solaris-x86, r-release-macos-x86_64, r-oldrel-macos-x86_64