CRAN Package Check Results for Package SequenceSpikeSlab

Last updated on 2020-12-04 00:48:34 CET.

Flavor Version Tinstall Tcheck Ttotal Status Flags
r-devel-linux-x86_64-debian-clang 0.1.1 26.78 79.73 106.51 OK
r-devel-linux-x86_64-debian-gcc 0.1.1 17.75 62.51 80.26 OK
r-devel-linux-x86_64-fedora-clang 0.1.1 140.17 NOTE
r-devel-linux-x86_64-fedora-gcc 0.1.1 128.48 NOTE
r-devel-windows-ix86+x86_64 0.1.1 60.00 137.00 197.00 OK
r-patched-linux-x86_64 0.1.1 22.03 76.28 98.31 OK
r-patched-solaris-x86 0.1.1 163.00 NOTE
r-release-linux-x86_64 0.1.1 23.10 74.74 97.84 OK
r-release-macos-x86_64 0.1.1 NOTE
r-release-windows-ix86+x86_64 0.1.1 48.00 144.00 192.00 OK
r-oldrel-macos-x86_64 0.1.1 NOTE
r-oldrel-windows-ix86+x86_64 0.1.1 46.00 127.00 173.00 OK

Check Details

Version: 0.1.1
Check: dependencies in R code
Result: NOTE
    Namespace in Imports field not imported from: ‘RcppProgress’
     All declared Imports should be used.
Flavors: r-devel-linux-x86_64-fedora-clang, r-devel-linux-x86_64-fedora-gcc, r-patched-solaris-x86, r-release-macos-x86_64, r-oldrel-macos-x86_64