Last updated on 2020-12-04 00:48:34 CET.
Flavor | Version | Tinstall | Tcheck | Ttotal | Status | Flags |
---|---|---|---|---|---|---|
r-devel-linux-x86_64-debian-clang | 1.1.0 | 64.48 | 59.58 | 124.06 | OK | |
r-devel-linux-x86_64-debian-gcc | 1.1.0 | 40.08 | 46.22 | 86.30 | OK | |
r-devel-linux-x86_64-fedora-clang | 1.1.0 | 172.67 | NOTE | |||
r-devel-linux-x86_64-fedora-gcc | 1.1.0 | 145.19 | NOTE | |||
r-devel-windows-ix86+x86_64 | 1.1.0 | 131.00 | 118.00 | 249.00 | NOTE | |
r-patched-linux-x86_64 | 1.1.0 | 48.54 | 58.06 | 106.60 | OK | |
r-patched-solaris-x86 | 1.1.0 | 153.60 | NOTE | |||
r-release-linux-x86_64 | 1.1.0 | 48.19 | 57.20 | 105.39 | OK | |
r-release-macos-x86_64 | 1.1.0 | NOTE | ||||
r-release-windows-ix86+x86_64 | 1.1.0 | 99.00 | 97.00 | 196.00 | NOTE | |
r-oldrel-macos-x86_64 | 1.1.0 | NOTE | ||||
r-oldrel-windows-ix86+x86_64 | 1.1.0 | 103.00 | 114.00 | 217.00 | NOTE |
Version: 1.1.0
Check: installed package size
Result: NOTE
installed size is 8.5Mb
sub-directories of 1Mb or more:
data 6.9Mb
libs 1.1Mb
Flavors: r-devel-linux-x86_64-fedora-clang, r-devel-windows-ix86+x86_64, r-patched-solaris-x86, r-release-macos-x86_64, r-release-windows-ix86+x86_64, r-oldrel-macos-x86_64, r-oldrel-windows-ix86+x86_64
Version: 1.1.0
Check: dependencies in R code
Result: NOTE
Namespace in Imports field not imported from: ‘RColorBrewer’
All declared Imports should be used.
Flavors: r-devel-linux-x86_64-fedora-clang, r-devel-linux-x86_64-fedora-gcc, r-patched-solaris-x86, r-release-macos-x86_64, r-oldrel-macos-x86_64