CRAN Package Check Results for Package SeqDetect

Last updated on 2020-12-04 00:48:34 CET.

Flavor Version Tinstall Tcheck Ttotal Status Flags
r-devel-linux-x86_64-debian-clang 1.0.7 76.79 73.48 150.27 OK
r-devel-linux-x86_64-debian-gcc 1.0.7 54.67 55.41 110.08 OK
r-devel-linux-x86_64-fedora-clang 1.0.7 209.57 NOTE
r-devel-linux-x86_64-fedora-gcc 1.0.7 189.89 OK
r-devel-windows-ix86+x86_64 1.0.7 158.00 127.00 285.00 OK
r-patched-linux-x86_64 1.0.7 63.97 69.12 133.09 OK
r-patched-solaris-x86 1.0.7 190.20 OK
r-release-linux-x86_64 1.0.7 62.53 69.43 131.96 OK
r-release-macos-x86_64 1.0.7 NOTE
r-release-windows-ix86+x86_64 1.0.7 129.00 135.00 264.00 OK
r-oldrel-macos-x86_64 1.0.7 NOTE
r-oldrel-windows-ix86+x86_64 1.0.7 131.00 122.00 253.00 OK

Check Details

Version: 1.0.7
Check: installed package size
Result: NOTE
     installed size is 10.5Mb
     sub-directories of 1Mb or more:
     libs 9.1Mb
Flavors: r-devel-linux-x86_64-fedora-clang, r-release-macos-x86_64, r-oldrel-macos-x86_64