CRAN Package Check Results for Package SelvarMix

Last updated on 2020-12-04 00:48:33 CET.

Flavor Version Tinstall Tcheck Ttotal Status Flags
r-devel-linux-x86_64-debian-clang 1.2.1 157.32 35.21 192.53 OK
r-devel-linux-x86_64-debian-gcc 1.2.1 99.42 27.81 127.23 OK
r-devel-linux-x86_64-fedora-clang 1.2.1 276.31 NOTE
r-devel-linux-x86_64-fedora-gcc 1.2.1 248.26 OK
r-devel-windows-ix86+x86_64 1.2.1 358.00 79.00 437.00 OK
r-patched-linux-x86_64 1.2.1 120.73 34.85 155.58 OK
r-patched-solaris-x86 1.2.1 217.50 OK
r-release-linux-x86_64 1.2.1 124.07 33.59 157.66 OK
r-release-macos-x86_64 1.2.1 NOTE
r-release-windows-ix86+x86_64 1.2.1 264.00 83.00 347.00 OK
r-oldrel-macos-x86_64 1.2.1 OK
r-oldrel-windows-ix86+x86_64 1.2.1 271.00 75.00 346.00 OK

Check Details

Version: 1.2.1
Check: installed package size
Result: NOTE
     installed size is 6.7Mb
     sub-directories of 1Mb or more:
     libs 6.5Mb
Flavors: r-devel-linux-x86_64-fedora-clang, r-release-macos-x86_64